74.220.219.162 - - [11/Aug/2026:10:11:21 -0600] "POST /wp-cron.php?doing_wp_cron=1786464681.7296850681304931640625 HTTP/1.1" 200 - "-" "WordPress/7.0.2; https://test.ovochi.com" test.ovochi.com 74.220.219.162
74.7.242.19 - - [11/Aug/2026:10:11:21 -0600] "GET /1660864807450408806_6652085854low.jpg?p=Ahome1Aimmorth6Apublic_htmlAovochiAwp-contentAx26ea43 HTTP/2.0" 200 1331 "https://www.test.ovochi.com/1660864807450408806_6652085854low.jpg?p=Ahome1Aimmorth6Apublic_htmlAovochiAwp-content" "Mozilla/5.0 AppleWebKit/537.36 (KHTML, like Gecko; compatible; GPTBot/1.4; +https://openai.com/gptbot)" www.test.ovochi.com 74.220.219.162
216.73.217.18 - - [11/Aug/2026:10:11:22 -0600] "GET /code-editor.css?p=Ahome1Aimmorth6Apublic_htmlAivymenu HTTP/2.0" 200 44971 "-" "Mozilla/5.0 AppleWebKit/537.36 (KHTML, like Gecko; compatible; ClaudeBot/1.0; +claudebot@anthropic.com)" test.ovochi.com 74.220.219.162
74.7.242.19 - - [11/Aug/2026:10:11:24 -0600] "GET /1660864807450408806_6652085854low.jpg?p=Ahome1Aimmorth6Apublic_htmlAovochiAwp-contentAx341e07 HTTP/2.0" 200 1332 "https://www.test.ovochi.com/1660864807450408806_6652085854low.jpg?p=Ahome1Aimmorth6Apublic_htmlAovochiAwp-content" "Mozilla/5.0 AppleWebKit/537.36 (KHTML, like Gecko; compatible; GPTBot/1.4; +https://openai.com/gptbot)" www.test.ovochi.com 74.220.219.162
216.73.217.18 - - [11/Aug/2026:10:11:27 -0600] "GET /ar-81d6f084cb273e02e15b01bd9ece87f7.json HTTP/2.0" 200 1734 "-" "Mozilla/5.0 AppleWebKit/537.36 (KHTML, like Gecko; compatible; ClaudeBot/1.0; +claudebot@anthropic.com)" test.ovochi.com 74.220.219.162
74.7.242.19 - - [11/Aug/2026:10:11:27 -0600] "GET /1660864807450408806_6652085854low.jpg?p=Ahome1Aimmorth6Apublic_htmlAovochiAwp-contentAx553c02 HTTP/2.0" 200 1332 "https://www.test.ovochi.com/1660864807450408806_6652085854low.jpg?p=Ahome1Aimmorth6Apublic_htmlAovochiAwp-content" "Mozilla/5.0 AppleWebKit/537.36 (KHTML, like Gecko; compatible; GPTBot/1.4; +https://openai.com/gptbot)" www.test.ovochi.com 74.220.219.162
74.7.242.42 - - [11/Aug/2026:10:11:30 -0600] "GET /1751262066.M552336P455549.box2010.bluehost.com,S=53744,W=54492:2,S?edit=51.php&p=Ahome1Aimmorth6Apublic_htmlAwebsite_8f025ff1AoldAwp-includesAabilities-api HTTP/2.0" 409 83 "https://test.ovochi.com/1751262066.M552336P455549.box2010.bluehost.com,S=53744,W=54492:2,S?p=Ahome1Aimmorth6Apublic_htmlAwebsite_8f025ff1AoldAwp-includesAabilities-api" "Mozilla/5.0 AppleWebKit/537.36 (KHTML, like Gecko; compatible; GPTBot/1.4; +https://openai.com/gptbot)" test.ovochi.com 74.220.219.162
74.7.242.19 - - [11/Aug/2026:10:11:30 -0600] "GET /1660864807450408806_6652085854low.jpg?p=Ahome1Aimmorth6Apublic_htmlAovochiAwp-contentAxb33b94 HTTP/2.0" 200 1332 "https://www.test.ovochi.com/1660864807450408806_6652085854low.jpg?p=Ahome1Aimmorth6Apublic_htmlAovochiAwp-content" "Mozilla/5.0 AppleWebKit/537.36 (KHTML, like Gecko; compatible; GPTBot/1.4; +https://openai.com/gptbot)" www.test.ovochi.com 74.220.219.162
216.73.217.18 - - [11/Aug/2026:10:11:32 -0600] "GET /code-editor.css?edit=wp-config.php--01&p=Ahome1Aimmorth6Apublic_html HTTP/2.0" 409 83 "-" "Mozilla/5.0 AppleWebKit/537.36 (KHTML, like Gecko; compatible; ClaudeBot/1.0; +claudebot@anthropic.com)" test.ovochi.com 74.220.219.162
74.7.242.19 - - [11/Aug/2026:10:11:33 -0600] "GET /1660864807450408806_6652085854low.jpg?p=Ahome1Aimmorth6Apublic_htmlAovochiAwp-contentAx9304dd HTTP/2.0" 200 1330 "https://www.test.ovochi.com/1660864807450408806_6652085854low.jpg?p=Ahome1Aimmorth6Apublic_htmlAovochiAwp-content" "Mozilla/5.0 AppleWebKit/537.36 (KHTML, like Gecko; compatible; GPTBot/1.4; +https://openai.com/gptbot)" www.test.ovochi.com 74.220.219.162
74.7.242.19 - - [11/Aug/2026:10:11:36 -0600] "GET /1660864807450408806_6652085854low.jpg?p=Ahome1Aimmorth6Apublic_htmlAovochiAwp-contentAx176b34 HTTP/2.0" 200 1333 "https://www.test.ovochi.com/1660864807450408806_6652085854low.jpg?p=Ahome1Aimmorth6Apublic_htmlAovochiAwp-content" "Mozilla/5.0 AppleWebKit/537.36 (KHTML, like Gecko; compatible; GPTBot/1.4; +https://openai.com/gptbot)" www.test.ovochi.com 74.220.219.162
216.73.217.18 - - [11/Aug/2026:10:11:37 -0600] "GET /code-editor.css?edit=object-cache.php&p=Ahome1Aimmorth6Apublic_htmlAtest-ovochi-comAwp-content HTTP/2.0" 409 83 "-" "Mozilla/5.0 AppleWebKit/537.36 (KHTML, like Gecko; compatible; ClaudeBot/1.0; +claudebot@anthropic.com)" test.ovochi.com 74.220.219.162
74.7.242.19 - - [11/Aug/2026:10:11:40 -0600] "GET /1660864807450408806_6652085854low.jpg?p=Ahome1Aimmorth6Apublic_htmlAovochiAwp-contentAx5f709e HTTP/2.0" 200 1286 "https://www.test.ovochi.com/1660864807450408806_6652085854low.jpg?p=Ahome1Aimmorth6Apublic_htmlAovochiAwp-content" "Mozilla/5.0 AppleWebKit/537.36 (KHTML, like Gecko; compatible; GPTBot/1.4; +https://openai.com/gptbot)" www.test.ovochi.com 74.220.219.162
74.7.242.19 - - [11/Aug/2026:10:11:43 -0600] "GET /1660864807450408806_6652085854low.jpg?p=Ahome1Aimmorth6Apublic_htmlAovochiAwp-contentAx77969e HTTP/2.0" 200 1332 "https://www.test.ovochi.com/1660864807450408806_6652085854low.jpg?p=Ahome1Aimmorth6Apublic_htmlAovochiAwp-content" "Mozilla/5.0 AppleWebKit/537.36 (KHTML, like Gecko; compatible; GPTBot/1.4; +https://openai.com/gptbot)" www.test.ovochi.com 74.220.219.162
216.73.217.18 - - [11/Aug/2026:10:11:45 -0600] "GET /class-site-health.php HTTP/2.0" 409 83 "-" "Mozilla/5.0 AppleWebKit/537.36 (KHTML, like Gecko; compatible; ClaudeBot/1.0; +claudebot@anthropic.com)" www.test.ovochi.com 74.220.219.162
74.7.242.19 - - [11/Aug/2026:10:11:46 -0600] "GET /1660864807450408806_6652085854low.jpg?p=Ahome1Aimmorth6Apublic_htmlAovochiAwp-contentAxc5f697 HTTP/2.0" 200 1286 "https://www.test.ovochi.com/1660864807450408806_6652085854low.jpg?p=Ahome1Aimmorth6Apublic_htmlAovochiAwp-content" "Mozilla/5.0 AppleWebKit/537.36 (KHTML, like Gecko; compatible; GPTBot/1.4; +https://openai.com/gptbot)" www.test.ovochi.com 74.220.219.162
74.7.242.19 - - [11/Aug/2026:10:11:49 -0600] "GET /1660864807450408806_6652085854low.jpg?p=Ahome1Aimmorth6Apublic_htmlAovochiAwp-contentAx9a4c50 HTTP/2.0" 200 1284 "https://www.test.ovochi.com/1660864807450408806_6652085854low.jpg?p=Ahome1Aimmorth6Apublic_htmlAovochiAwp-content" "Mozilla/5.0 AppleWebKit/537.36 (KHTML, like Gecko; compatible; GPTBot/1.4; +https://openai.com/gptbot)" www.test.ovochi.com 74.220.219.162
216.73.217.18 - - [11/Aug/2026:10:11:50 -0600] "GET /wp-auth-check-rtl.min.css HTTP/2.0" 200 1734 "-" "Mozilla/5.0 AppleWebKit/537.36 (KHTML, like Gecko; compatible; ClaudeBot/1.0; +claudebot@anthropic.com)" www.test.ovochi.com 74.220.219.162
74.7.242.19 - - [11/Aug/2026:10:11:52 -0600] "GET /powerpack-lite-for-elementor-2.9.10.zip HTTP/2.0" 200 1734 "https://www.test.ovochi.com/post-excerpt.svg?p=Ahome1Aimmorth6AIwp-cliAcacheAplugin" "Mozilla/5.0 AppleWebKit/537.36 (KHTML, like Gecko; compatible; GPTBot/1.4; +https://openai.com/gptbot)" www.test.ovochi.com 74.220.219.162
216.73.217.18 - - [11/Aug/2026:10:11:55 -0600] "GET /wp-smushit.pot HTTP/1.1" 200 1734 "-" "Mozilla/5.0 AppleWebKit/537.36 (KHTML, like Gecko; compatible; ClaudeBot/1.0; +claudebot@anthropic.com)" www.test.ovochi.com 74.220.219.162
216.73.217.18 - - [11/Aug/2026:10:11:55 -0600] "GET /wp-smushit.pot HTTP/2.0" 200 1734 "-" "Mozilla/5.0 AppleWebKit/537.36 (KHTML, like Gecko; compatible; ClaudeBot/1.0; +claudebot@anthropic.com)" www.test.ovochi.com 74.220.219.162
74.7.242.19 - - [11/Aug/2026:10:11:56 -0600] "GET /1660864807450408806_6652085854low.jpg?edit=c9f&p=Ahome1Aimmorth6Apublic_htmlAovochiAwp-contentAx26ea43 HTTP/2.0" 200 19096 "https://www.test.ovochi.com/1660864807450408806_6652085854low.jpg?p=Ahome1Aimmorth6Apublic_htmlAovochiAwp-contentAx26ea43" "Mozilla/5.0 AppleWebKit/537.36 (KHTML, like Gecko; compatible; GPTBot/1.4; +https://openai.com/gptbot)" www.test.ovochi.com 74.220.219.162
74.7.242.19 - - [11/Aug/2026:10:11:59 -0600] "GET /post-excerpt.svg?p=Ahome1Aimmorth6AwwwAwebsite_8f025ff1AoldAwp-includesAblocksApost-author-biography HTTP/2.0" 200 2238 "https://www.test.ovochi.com/post-excerpt.svg?p=Ahome1Aimmorth6AwwwAwebsite_8f025ff1AoldAwp-includesAblocks" "Mozilla/5.0 AppleWebKit/537.36 (KHTML, like Gecko; compatible; GPTBot/1.4; +https://openai.com/gptbot)" www.test.ovochi.com 74.220.219.162
216.73.217.18 - - [11/Aug/2026:10:12:00 -0600] "GET /changelog.md HTTP/1.1" 200 1734 "-" "Mozilla/5.0 AppleWebKit/537.36 (KHTML, like Gecko; compatible; ClaudeBot/1.0; +claudebot@anthropic.com)" www.test.ovochi.com 74.220.219.162
216.73.217.18 - - [11/Aug/2026:10:12:00 -0600] "GET /changelog.md HTTP/2.0" 200 1734 "-" "Mozilla/5.0 AppleWebKit/537.36 (KHTML, like Gecko; compatible; ClaudeBot/1.0; +claudebot@anthropic.com)" www.test.ovochi.com 74.220.219.162
74.7.242.19 - - [11/Aug/2026:10:12:02 -0600] "GET /post-excerpt.svg?edit=map-theme_black_and_white-b6ad81a7dd09d09fb34d.jpg&p=Ahome1Aimmorth6AwwwAimmortalsignAwp-contentApluginsAjetpackA_incAblocksAimages HTTP/2.0" 200 829 "https://www.test.ovochi.com/post-excerpt.svg?p=Ahome1Aimmorth6AwwwAimmortalsignAwp-contentApluginsAjetpackA_incAblocksAimages" "Mozilla/5.0 AppleWebKit/537.36 (KHTML, like Gecko; compatible; GPTBot/1.4; +https://openai.com/gptbot)" www.test.ovochi.com 74.220.219.162
216.73.217.18 - - [11/Aug/2026:10:12:05 -0600] "GET /wp-block-template-skip-link-rtl.css HTTP/2.0" 200 1734 "-" "Mozilla/5.0 AppleWebKit/537.36 (KHTML, like Gecko; compatible; ClaudeBot/1.0; +claudebot@anthropic.com)" www.test.ovochi.com 74.220.219.162
74.7.242.19 - - [11/Aug/2026:10:12:05 -0600] "GET /post-excerpt.svg?p=Ahome1Aimmorth6AIcpanelAea-php-cliApublic_htmlAimmortaltechAwp-includesAbr1e5559 HTTP/2.0" 200 1037 "https://www.test.ovochi.com/post-excerpt.svg?p=Ahome1Aimmorth6AIcpanelAea-php-cliApublic_htmlAimmortaltechAwp-includes" "Mozilla/5.0 AppleWebKit/537.36 (KHTML, like Gecko; compatible; GPTBot/1.4; +https://openai.com/gptbot)" www.test.ovochi.com 74.220.219.162
74.7.242.19 - - [11/Aug/2026:10:12:08 -0600] "GET /block_raw.html HTTP/1.1" 200 1734 "https://www.test.ovochi.com/post-excerpt.svg?p=Ahome1Aimmorth6AwwwAimmortaltechAwp-contentApluginsAwysija-newslettersAtoolsAtemplatesAnewsletterAemail" "Mozilla/5.0 AppleWebKit/537.36 (KHTML, like Gecko; compatible; GPTBot/1.4; +https://openai.com/gptbot)" www.test.ovochi.com 74.220.219.162
74.7.242.19 - - [11/Aug/2026:10:12:08 -0600] "GET /block_raw.html HTTP/2.0" 200 1734 "https://www.test.ovochi.com/post-excerpt.svg?p=Ahome1Aimmorth6AwwwAimmortaltechAwp-contentApluginsAwysija-newslettersAtoolsAtemplatesAnewsletterAemail" "Mozilla/5.0 AppleWebKit/537.36 (KHTML, like Gecko; compatible; GPTBot/1.4; +https://openai.com/gptbot)" www.test.ovochi.com 74.220.219.162
216.73.217.18 - - [11/Aug/2026:10:12:10 -0600] "GET /wp-block-template-skip-link.min.css HTTP/2.0" 200 1734 "-" "Mozilla/5.0 AppleWebKit/537.36 (KHTML, like Gecko; compatible; ClaudeBot/1.0; +claudebot@anthropic.com)" www.test.ovochi.com 74.220.219.162
74.7.242.19 - - [11/Aug/2026:10:12:11 -0600] "GET /worker-html.js HTTP/2.0" 200 1734 "https://www.test.ovochi.com/post-excerpt.svg?p=Ahome1Aimmorth6AwwwAovochiAwp-contentAthemesAveggieAincludesAreduxAredux-extensionsAextensionsAvendor_supportAvendorAace_editor" "Mozilla/5.0 AppleWebKit/537.36 (KHTML, like Gecko; compatible; GPTBot/1.4; +https://openai.com/gptbot)" www.test.ovochi.com 74.220.219.162
74.7.242.19 - - [11/Aug/2026:10:12:15 -0600] "GET /skin11b.header-style-transparent-logo-hd.png HTTP/2.0" 200 1734 "https://www.test.ovochi.com/post-excerpt.svg?p=Ahome1Aimmorth6AwwwAimmortaltechAwp-contentAthemesAdt-the7AincApresetsAimagesAfull" "Mozilla/5.0 AppleWebKit/537.36 (KHTML, like Gecko; compatible; GPTBot/1.4; +https://openai.com/gptbot)" www.test.ovochi.com 74.220.219.162
216.73.217.18 - - [11/Aug/2026:10:12:15 -0600] "GET /jquery-ui-dialog-rtl.css HTTP/2.0" 200 1734 "-" "Mozilla/5.0 AppleWebKit/537.36 (KHTML, like Gecko; compatible; ClaudeBot/1.0; +claudebot@anthropic.com)" www.test.ovochi.com 74.220.219.162
74.7.242.19 - - [11/Aug/2026:10:12:18 -0600] "GET /folder-private.svg HTTP/2.0" 200 1734 "https://www.test.ovochi.com/post-excerpt.svg?p=Ahome1Aimmorth6AwwwAtest-ovochi-comAwp-contentApluginsArevsliderApublicAassetsAassetsAsvgAbusy-icons-svg" "Mozilla/5.0 AppleWebKit/537.36 (KHTML, like Gecko; compatible; GPTBot/1.4; +https://openai.com/gptbot)" www.test.ovochi.com 74.220.219.162
216.73.217.18 - - [11/Aug/2026:10:12:20 -0600] "GET /wp-fullscreen-stub.js HTTP/2.0" 200 1734 "-" "Mozilla/5.0 AppleWebKit/537.36 (KHTML, like Gecko; compatible; ClaudeBot/1.0; +claudebot@anthropic.com)" www.test.ovochi.com 74.220.219.162
74.7.242.19 - - [11/Aug/2026:10:12:21 -0600] "GET /post-edit-terms.js?p=Ahome1Aimmorth6Aimmortal-techInetAwp-includesAjsAtinymceAplugins HTTP/2.0" 200 1754 "https://www.test.ovochi.com/post-edit-terms.js?p=Ahome1Aimmorth6Aimmortal-techInetAwp-includesAjsAtinymce" "Mozilla/5.0 AppleWebKit/537.36 (KHTML, like Gecko; compatible; GPTBot/1.4; +https://openai.com/gptbot)" www.test.ovochi.com 74.220.219.162
74.7.242.19 - - [11/Aug/2026:10:12:24 -0600] "GET /post-edit-terms.js?p=Ahome1Aimmorth6Aimmortal-techInetAwp-includesAjsAtinymceAskins HTTP/2.0" 200 1251 "https://www.test.ovochi.com/post-edit-terms.js?p=Ahome1Aimmorth6Aimmortal-techInetAwp-includesAjsAtinymce" "Mozilla/5.0 AppleWebKit/537.36 (KHTML, like Gecko; compatible; GPTBot/1.4; +https://openai.com/gptbot)" www.test.ovochi.com 74.220.219.162
216.73.217.18 - - [11/Aug/2026:10:12:25 -0600] "GET /admin-wp5.7-colors.min.css HTTP/2.0" 200 1734 "-" "Mozilla/5.0 AppleWebKit/537.36 (KHTML, like Gecko; compatible; ClaudeBot/1.0; +claudebot@anthropic.com)" www.test.ovochi.com 74.220.219.162
74.7.242.19 - - [11/Aug/2026:10:12:27 -0600] "GET /post-edit-terms.js?p=Ahome1Aimmorth6Aimmortal-techInetAwp-includesASimplePieAContent HTTP/2.0" 200 1327 "https://www.test.ovochi.com/post-edit-terms.js?p=Ahome1Aimmorth6Aimmortal-techInetAwp-includesASimplePie" "Mozilla/5.0 AppleWebKit/537.36 (KHTML, like Gecko; compatible; GPTBot/1.4; +https://openai.com/gptbot)" www.test.ovochi.com 74.220.219.162
216.73.217.18 - - [11/Aug/2026:10:12:30 -0600] "GET /sbom.json.gz HTTP/2.0" 200 1734 "-" "Mozilla/5.0 AppleWebKit/537.36 (KHTML, like Gecko; compatible; ClaudeBot/1.0; +claudebot@anthropic.com)" www.test.ovochi.com 74.220.219.162
74.7.242.19 - - [11/Aug/2026:10:12:30 -0600] "GET /post-edit-terms.js?p=Ahome1Aimmorth6Aimmortal-techInetAwp-includesASimplePieAParse HTTP/2.0" 200 1289 "https://www.test.ovochi.com/post-edit-terms.js?p=Ahome1Aimmorth6Aimmortal-techInetAwp-includesASimplePie" "Mozilla/5.0 AppleWebKit/537.36 (KHTML, like Gecko; compatible; GPTBot/1.4; +https://openai.com/gptbot)" www.test.ovochi.com 74.220.219.162
74.7.242.42 - - [11/Aug/2026:10:12:32 -0600] "GET /1759471597.M855542P20805.box2010.bluehost.com,S=257880,W=261329:2,S?edit=bookmark-template.php&p=Ahome1Aimmorth6Apublic_htmlAwebsite_e0dc5845Awp-includes HTTP/2.0" 409 83 "https://test.ovochi.com/1759471597.M855542P20805.box2010.bluehost.com,S=257880,W=261329:2,S?p=Ahome1Aimmorth6Apublic_htmlAwebsite_e0dc5845Awp-includes" "Mozilla/5.0 AppleWebKit/537.36 (KHTML, like Gecko; compatible; GPTBot/1.4; +https://openai.com/gptbot)" test.ovochi.com 74.220.219.162
74.7.242.19 - - [11/Aug/2026:10:12:33 -0600] "GET /post-edit-terms.js?p=Ahome1Aimmorth6Aimmortal-techInetAwp-includesASimplePieACache HTTP/2.0" 200 1489 "https://www.test.ovochi.com/post-edit-terms.js?p=Ahome1Aimmorth6Aimmortal-techInetAwp-includesASimplePie" "Mozilla/5.0 AppleWebKit/537.36 (KHTML, like Gecko; compatible; GPTBot/1.4; +https://openai.com/gptbot)" www.test.ovochi.com 74.220.219.162
216.73.217.18 - - [11/Aug/2026:10:12:35 -0600] "GET /rlrsssl-really-simple-ssl.php HTTP/2.0" 409 83 "-" "Mozilla/5.0 AppleWebKit/537.36 (KHTML, like Gecko; compatible; ClaudeBot/1.0; +claudebot@anthropic.com)" www.test.ovochi.com 74.220.219.162
74.7.242.19 - - [11/Aug/2026:10:12:36 -0600] "GET /post-edit-terms.js?p=Ahome1Aimmorth6Aimmortal-techInetAwp-includesASimplePieADecode HTTP/2.0" 200 104 "https://www.test.ovochi.com/post-edit-terms.js?p=Ahome1Aimmorth6Aimmortal-techInetAwp-includesASimplePie" "Mozilla/5.0 AppleWebKit/537.36 (KHTML, like Gecko; compatible; GPTBot/1.4; +https://openai.com/gptbot)" www.test.ovochi.com 74.220.219.162
74.7.242.19 - - [11/Aug/2026:10:12:39 -0600] "GET /post-edit-terms.js?p=Ahome1Aimmorth6Aimmortal-techInetAwp-includesAjsAtinymceAlangs HTTP/2.0" 200 1276 "https://www.test.ovochi.com/post-edit-terms.js?p=Ahome1Aimmorth6Aimmortal-techInetAwp-includesAjsAtinymce" "Mozilla/5.0 AppleWebKit/537.36 (KHTML, like Gecko; compatible; GPTBot/1.4; +https://openai.com/gptbot)" www.test.ovochi.com 74.220.219.162
216.73.217.18 - - [11/Aug/2026:10:12:40 -0600] "GET /force-deactivate.txt HTTP/1.1" 200 1734 "-" "Mozilla/5.0 AppleWebKit/537.36 (KHTML, like Gecko; compatible; ClaudeBot/1.0; +claudebot@anthropic.com)" www.test.ovochi.com 74.220.219.162
216.73.217.18 - - [11/Aug/2026:10:12:40 -0600] "GET /force-deactivate.txt HTTP/2.0" 200 1734 "-" "Mozilla/5.0 AppleWebKit/537.36 (KHTML, like Gecko; compatible; ClaudeBot/1.0; +claudebot@anthropic.com)" www.test.ovochi.com 74.220.219.162
74.7.242.19 - - [11/Aug/2026:10:12:43 -0600] "GET /refresh-token-user-meta-repository-interface.php HTTP/2.0" 409 83 "https://www.test.ovochi.com/post-excerpt.svg?p=Ahome1Aimmorth6AwwwAtest-ovochi-comAwp-contentApluginsAwordpress-seoAsrcAai-authorizationAinfrastructure" "Mozilla/5.0 AppleWebKit/537.36 (KHTML, like Gecko; compatible; GPTBot/1.4; +https://openai.com/gptbot)" www.test.ovochi.com 74.220.219.162
216.73.217.18 - - [11/Aug/2026:10:12:45 -0600] "GET /class-mixed-content-fixer.php HTTP/2.0" 409 83 "-" "Mozilla/5.0 AppleWebKit/537.36 (KHTML, like Gecko; compatible; ClaudeBot/1.0; +claudebot@anthropic.com)" www.test.ovochi.com 74.220.219.162
74.7.242.19 - - [11/Aug/2026:10:12:46 -0600] "GET /ic_phone_forwarded_24px.svg HTTP/2.0" 200 1734 "https://www.test.ovochi.com/post-excerpt.svg?p=Ahome1Aimmorth6AwwwAtest-ovochi-comAwp-contentApluginsArevsliderApublicAassetsAassetsAsvgAnotification" "Mozilla/5.0 AppleWebKit/537.36 (KHTML, like Gecko; compatible; GPTBot/1.4; +https://openai.com/gptbot)" www.test.ovochi.com 74.220.219.162
216.73.217.18 - - [11/Aug/2026:10:12:50 -0600] "GET /choices.min.css HTTP/2.0" 200 1734 "-" "Mozilla/5.0 AppleWebKit/537.36 (KHTML, like Gecko; compatible; ClaudeBot/1.0; +claudebot@anthropic.com)" www.test.ovochi.com 74.220.219.162
216.73.217.18 - - [11/Aug/2026:10:12:55 -0600] "GET /dashboard-widget.min.css HTTP/2.0" 200 1734 "-" "Mozilla/5.0 AppleWebKit/537.36 (KHTML, like Gecko; compatible; ClaudeBot/1.0; +claudebot@anthropic.com)" www.test.ovochi.com 74.220.219.162
74.7.242.19 - - [11/Aug/2026:10:12:55 -0600] "GET /ic_tablet_android_24px.svg HTTP/2.0" 200 1734 "https://www.test.ovochi.com/post-excerpt.svg?p=Ahome1Aimmorth6AwwwAtest-ovochi-comAwp-contentApluginsArevsliderApublicAassetsAassetsAsvgAhardware" "Mozilla/5.0 AppleWebKit/537.36 (KHTML, like Gecko; compatible; GPTBot/1.4; +https://openai.com/gptbot)" www.test.ovochi.com 74.220.219.162
216.73.217.18 - - [11/Aug/2026:10:13:00 -0600] "GET /form-embed-wizard.min.css HTTP/2.0" 200 1734 "-" "Mozilla/5.0 AppleWebKit/537.36 (KHTML, like Gecko; compatible; ClaudeBot/1.0; +claudebot@anthropic.com)" www.test.ovochi.com 74.220.219.162
74.7.242.19 - - [11/Aug/2026:10:13:04 -0600] "GET /folder-private.svg?edit=endurance-page-cache.php&p=Ahome1Aimmorth6Apublic_htmlAtest-ovochi-comAwp-contentAmu-plugins HTTP/2.0" 409 83 "https://www.test.ovochi.com/folder-private.svg" "Mozilla/5.0 AppleWebKit/537.36 (KHTML, like Gecko; compatible; GPTBot/1.4; +https://openai.com/gptbot)" www.test.ovochi.com 74.220.219.162
216.73.217.18 - - [11/Aug/2026:10:13:05 -0600] "GET /admin-list-table-ext.min.css HTTP/2.0" 200 1734 "-" "Mozilla/5.0 AppleWebKit/537.36 (KHTML, like Gecko; compatible; ClaudeBot/1.0; +claudebot@anthropic.com)" www.test.ovochi.com 74.220.219.162
216.73.217.18 - - [11/Aug/2026:10:13:10 -0600] "GET /rewriteinfo HTTP/1.1" 200 1734 "-" "Mozilla/5.0 AppleWebKit/537.36 (KHTML, like Gecko; compatible; ClaudeBot/1.0; +claudebot@anthropic.com)" www.test.ovochi.com 74.220.219.162
216.73.217.18 - - [11/Aug/2026:10:13:10 -0600] "GET /rewriteinfo HTTP/2.0" 200 1734 "-" "Mozilla/5.0 AppleWebKit/537.36 (KHTML, like Gecko; compatible; ClaudeBot/1.0; +claudebot@anthropic.com)" www.test.ovochi.com 74.220.219.162
74.7.242.19 - - [11/Aug/2026:10:13:12 -0600] "GET /post-edit-terms.js?p=Ahome1Aimmorth6Aimmortal-techInetAwp-includesAjsAtinymceApluginsAlink HTTP/2.0" 200 1491 "https://www.test.ovochi.com/post-edit-terms.js?p=Ahome1Aimmorth6Aimmortal-techInetAwp-includesAjsAtinymceAplugins" "Mozilla/5.0 AppleWebKit/537.36 (KHTML, like Gecko; compatible; GPTBot/1.4; +https://openai.com/gptbot)" www.test.ovochi.com 74.220.219.162
216.73.217.18 - - [11/Aug/2026:10:13:15 -0600] "GET /8e1 HTTP/1.1" 200 1734 "-" "Mozilla/5.0 AppleWebKit/537.36 (KHTML, like Gecko; compatible; ClaudeBot/1.0; +claudebot@anthropic.com)" www.test.ovochi.com 74.220.219.162
216.73.217.18 - - [11/Aug/2026:10:13:15 -0600] "GET /8e1 HTTP/2.0" 200 1734 "-" "Mozilla/5.0 AppleWebKit/537.36 (KHTML, like Gecko; compatible; ClaudeBot/1.0; +claudebot@anthropic.com)" www.test.ovochi.com 74.220.219.162
216.73.217.18 - - [11/Aug/2026:10:13:20 -0600] "GET /challenge.min.css HTTP/2.0" 200 1734 "-" "Mozilla/5.0 AppleWebKit/537.36 (KHTML, like Gecko; compatible; ClaudeBot/1.0; +claudebot@anthropic.com)" www.test.ovochi.com 74.220.219.162
216.73.217.18 - - [11/Aug/2026:10:13:25 -0600] "GET /ssl-test-page.php HTTP/2.0" 409 83 "-" "Mozilla/5.0 AppleWebKit/537.36 (KHTML, like Gecko; compatible; ClaudeBot/1.0; +claudebot@anthropic.com)" www.test.ovochi.com 74.220.219.162
216.73.217.18 - - [11/Aug/2026:10:13:30 -0600] "GET /deactivate-alternate.php HTTP/2.0" 409 83 "-" "Mozilla/5.0 AppleWebKit/537.36 (KHTML, like Gecko; compatible; ClaudeBot/1.0; +claudebot@anthropic.com)" www.test.ovochi.com 74.220.219.162
74.220.219.162 - - [11/Aug/2026:10:13:35 -0600] "POST /wp-cron.php?doing_wp_cron=1786464815.8043749332427978515625 HTTP/1.1" 200 - "-" "WordPress/7.0.2; https://test.ovochi.com" test.ovochi.com 74.220.219.162
216.73.217.18 - - [11/Aug/2026:10:13:35 -0600] "GET /admin-notifications.min.css HTTP/2.0" 200 1734 "-" "Mozilla/5.0 AppleWebKit/537.36 (KHTML, like Gecko; compatible; ClaudeBot/1.0; +claudebot@anthropic.com)" www.test.ovochi.com 74.220.219.162
74.7.242.19 - - [11/Aug/2026:10:13:36 -0600] "GET /post-edit-terms.js?p=Ahome1Aimmorth6Aimmortal-techInetAwp-includesAjsAtinymceApluginsAlists HTTP/2.0" 200 1488 "https://www.test.ovochi.com/post-edit-terms.js?p=Ahome1Aimmorth6Aimmortal-techInetAwp-includesAjsAtinymceAplugins" "Mozilla/5.0 AppleWebKit/537.36 (KHTML, like Gecko; compatible; GPTBot/1.4; +https://openai.com/gptbot)" www.test.ovochi.com 74.220.219.162
74.7.242.42 - - [11/Aug/2026:10:13:38 -0600] "GET /1765959614.M277263P599942.box2010.bluehost.com,S=73377,W=74454:2,?edit=speculative-loading.php&p=Ahome1Aimmorth6Apublic_htmlAwebsite_efd5428fAwp-includes HTTP/2.0" 409 83 "https://test.ovochi.com/1765959614.M277263P599942.box2010.bluehost.com,S=73377,W=74454:2,?p=Ahome1Aimmorth6Apublic_htmlAwebsite_efd5428fAwp-includes" "Mozilla/5.0 AppleWebKit/537.36 (KHTML, like Gecko; compatible; GPTBot/1.4; +https://openai.com/gptbot)" test.ovochi.com 74.220.219.162
216.73.217.18 - - [11/Aug/2026:10:13:40 -0600] "GET /logger.min.css HTTP/2.0" 200 1734 "-" "Mozilla/5.0 AppleWebKit/537.36 (KHTML, like Gecko; compatible; ClaudeBot/1.0; +claudebot@anthropic.com)" www.test.ovochi.com 74.220.219.162
216.73.217.18 - - [11/Aug/2026:10:13:45 -0600] "GET /964 HTTP/1.1" 200 1734 "-" "Mozilla/5.0 AppleWebKit/537.36 (KHTML, like Gecko; compatible; ClaudeBot/1.0; +claudebot@anthropic.com)" www.test.ovochi.com 74.220.219.162
216.73.217.18 - - [11/Aug/2026:10:13:45 -0600] "GET /964 HTTP/2.0" 200 1734 "-" "Mozilla/5.0 AppleWebKit/537.36 (KHTML, like Gecko; compatible; ClaudeBot/1.0; +claudebot@anthropic.com)" www.test.ovochi.com 74.220.219.162
216.73.217.18 - - [11/Aug/2026:10:13:50 -0600] "GET /f9e HTTP/1.1" 200 1734 "-" "Mozilla/5.0 AppleWebKit/537.36 (KHTML, like Gecko; compatible; ClaudeBot/1.0; +claudebot@anthropic.com)" www.test.ovochi.com 74.220.219.162
216.73.217.18 - - [11/Aug/2026:10:13:50 -0600] "GET /f9e HTTP/2.0" 200 1734 "-" "Mozilla/5.0 AppleWebKit/537.36 (KHTML, like Gecko; compatible; ClaudeBot/1.0; +claudebot@anthropic.com)" www.test.ovochi.com 74.220.219.162
216.73.217.18 - - [11/Aug/2026:10:13:55 -0600] "GET /af9 HTTP/1.1" 200 1734 "-" "Mozilla/5.0 AppleWebKit/537.36 (KHTML, like Gecko; compatible; ClaudeBot/1.0; +claudebot@anthropic.com)" www.test.ovochi.com 74.220.219.162
216.73.217.18 - - [11/Aug/2026:10:13:55 -0600] "GET /af9 HTTP/2.0" 200 1734 "-" "Mozilla/5.0 AppleWebKit/537.36 (KHTML, like Gecko; compatible; ClaudeBot/1.0; +claudebot@anthropic.com)" www.test.ovochi.com 74.220.219.162
74.7.242.19 - - [11/Aug/2026:10:13:56 -0600] "GET /post-edit-terms.js?p=Ahome1Aimmorth6Aimmortal-techInetAwp-includesAjsAtinymceAskinsAwordpress HTTP/2.0" 200 1436 "https://www.test.ovochi.com/post-edit-terms.js?p=Ahome1Aimmorth6Aimmortal-techInetAwp-includesAjsAtinymceAskins" "Mozilla/5.0 AppleWebKit/537.36 (KHTML, like Gecko; compatible; GPTBot/1.4; +https://openai.com/gptbot)" www.test.ovochi.com 74.220.219.162
216.73.217.18 - - [11/Aug/2026:10:14:00 -0600] "GET /43b HTTP/1.1" 200 1734 "-" "Mozilla/5.0 AppleWebKit/537.36 (KHTML, like Gecko; compatible; ClaudeBot/1.0; +claudebot@anthropic.com)" www.test.ovochi.com 74.220.219.162
216.73.217.18 - - [11/Aug/2026:10:14:00 -0600] "GET /43b HTTP/2.0" 200 1734 "-" "Mozilla/5.0 AppleWebKit/537.36 (KHTML, like Gecko; compatible; ClaudeBot/1.0; +claudebot@anthropic.com)" www.test.ovochi.com 74.220.219.162
216.73.217.18 - - [11/Aug/2026:10:14:05 -0600] "GET /class-front-end.php HTTP/2.0" 409 83 "-" "Mozilla/5.0 AppleWebKit/537.36 (KHTML, like Gecko; compatible; ClaudeBot/1.0; +claudebot@anthropic.com)" www.test.ovochi.com 74.220.219.162
216.73.217.18 - - [11/Aug/2026:10:14:10 -0600] "GET /0de HTTP/1.1" 200 1734 "-" "Mozilla/5.0 AppleWebKit/537.36 (KHTML, like Gecko; compatible; ClaudeBot/1.0; +claudebot@anthropic.com)" www.test.ovochi.com 74.220.219.162
216.73.217.18 - - [11/Aug/2026:10:14:10 -0600] "GET /0de HTTP/2.0" 200 1734 "-" "Mozilla/5.0 AppleWebKit/537.36 (KHTML, like Gecko; compatible; ClaudeBot/1.0; +claudebot@anthropic.com)" www.test.ovochi.com 74.220.219.162
216.73.217.18 - - [11/Aug/2026:10:14:15 -0600] "GET /119 HTTP/1.1" 200 1734 "-" "Mozilla/5.0 AppleWebKit/537.36 (KHTML, like Gecko; compatible; ClaudeBot/1.0; +claudebot@anthropic.com)" www.test.ovochi.com 74.220.219.162
216.73.217.18 - - [11/Aug/2026:10:14:15 -0600] "GET /119 HTTP/2.0" 200 1734 "-" "Mozilla/5.0 AppleWebKit/537.36 (KHTML, like Gecko; compatible; ClaudeBot/1.0; +claudebot@anthropic.com)" www.test.ovochi.com 74.220.219.162
216.73.217.18 - - [11/Aug/2026:10:14:20 -0600] "GET /rsssl-auto-loader.php HTTP/2.0" 409 83 "-" "Mozilla/5.0 AppleWebKit/537.36 (KHTML, like Gecko; compatible; ClaudeBot/1.0; +claudebot@anthropic.com)" www.test.ovochi.com 74.220.219.162
74.7.242.19 - - [11/Aug/2026:10:14:15 -0600] "GET /post-edit-terms.js?p=Ahome1Aimmorth6Aimmortal-techInetAwp-includesAjsAtinymceApluginsAhr HTTP/2.0" 200 1459 "https://www.test.ovochi.com/post-edit-terms.js?p=Ahome1Aimmorth6Aimmortal-techInetAwp-includesAjsAtinymceAplugins" "Mozilla/5.0 AppleWebKit/537.36 (KHTML, like Gecko; compatible; GPTBot/1.4; +https://openai.com/gptbot)" www.test.ovochi.com 74.220.219.162
216.73.217.18 - - [11/Aug/2026:10:14:25 -0600] "GET /admin-integrations.min.css HTTP/2.0" 200 1734 "-" "Mozilla/5.0 AppleWebKit/537.36 (KHTML, like Gecko; compatible; ClaudeBot/1.0; +claudebot@anthropic.com)" www.test.ovochi.com 74.220.219.162
74.7.242.19 - - [11/Aug/2026:10:14:32 -0600] "GET /post-edit-terms.js?p=Ahome1Aimmorth6Aimmortal-techInetAwp-includesAjsAtinymceApluginsAwordpress HTTP/2.0" 200 1514 "https://www.test.ovochi.com/post-edit-terms.js?p=Ahome1Aimmorth6Aimmortal-techInetAwp-includesAjsAtinymceAplugins" "Mozilla/5.0 AppleWebKit/537.36 (KHTML, like Gecko; compatible; GPTBot/1.4; +https://openai.com/gptbot)" www.test.ovochi.com 74.220.219.162
216.73.217.18 - - [11/Aug/2026:10:14:32 -0600] "GET /?p=Ahome1Aimmorth6Apublic_htmlAtestAwp-adminAcss HTTP/2.0" 200 57853 "-" "Mozilla/5.0 AppleWebKit/537.36 (KHTML, like Gecko; compatible; ClaudeBot/1.0; +claudebot@anthropic.com)" test.ovochi.com 74.220.219.162
216.73.217.18 - - [11/Aug/2026:10:14:37 -0600] "GET /?edit=class-ftp-sockets.php&p=Ahome1Aimmorth6Apublic_htmlAtestAwp-adminAincludes HTTP/2.0" 409 83 "-" "Mozilla/5.0 AppleWebKit/537.36 (KHTML, like Gecko; compatible; ClaudeBot/1.0; +claudebot@anthropic.com)" test.ovochi.com 74.220.219.162
74.7.242.42 - - [11/Aug/2026:10:14:40 -0600] "GET /1777370640.M119245P680287.box2010.bluehost.com,S=99093,W=100492:2,S?edit=abilities-api.php&p=Ahome1Aimmorth6Apublic_htmlAwebsite_efd5428fAwp-includes HTTP/2.0" 409 83 "https://test.ovochi.com/1777370640.M119245P680287.box2010.bluehost.com,S=99093,W=100492:2,S?p=Ahome1Aimmorth6Apublic_htmlAwebsite_efd5428fAwp-includes" "Mozilla/5.0 AppleWebKit/537.36 (KHTML, like Gecko; compatible; GPTBot/1.4; +https://openai.com/gptbot)" test.ovochi.com 74.220.219.162
216.73.217.18 - - [11/Aug/2026:10:14:42 -0600] "GET /wp-admin.css?edit=ms-edit.php&p=Ahome1Aimmorth6Apublic_htmlAwearmodaAwp-admin HTTP/2.0" 409 83 "-" "Mozilla/5.0 AppleWebKit/537.36 (KHTML, like Gecko; compatible; ClaudeBot/1.0; +claudebot@anthropic.com)" test.ovochi.com 74.220.219.162
74.7.242.19 - - [11/Aug/2026:10:14:47 -0600] "GET /post-edit-terms.js?p=Ahome1Aimmorth6Aimmortal-techInetAwp-includesAjsAtinymceApluginsAtextcolor HTTP/2.0" 200 1509 "https://www.test.ovochi.com/post-edit-terms.js?p=Ahome1Aimmorth6Aimmortal-techInetAwp-includesAjsAtinymceAplugins" "Mozilla/5.0 AppleWebKit/537.36 (KHTML, like Gecko; compatible; GPTBot/1.4; +https://openai.com/gptbot)" www.test.ovochi.com 74.220.219.162
216.73.217.18 - - [11/Aug/2026:10:14:48 -0600] "GET /comment.min.js?edit=class-wp-list-table-compat.php&p=Ahome1Aimmorth6Apublic_htmlAwp-adminAincludes HTTP/2.0" 409 83 "-" "Mozilla/5.0 AppleWebKit/537.36 (KHTML, like Gecko; compatible; ClaudeBot/1.0; +claudebot@anthropic.com)" test.ovochi.com 74.220.219.162
64.182.46.134 - - [11/Aug/2026:10:14:52 -0600] "GET /wp-login.php HTTP/2.0" 409 83 "-" "Mozilla/5.0 (Windows NT 10.0; Win64; x64) AppleWebKit/537.36 (KHTML, like Gecko) Chrome/133.0.0.0 Safari/537.36" test.ovochi.com 74.220.219.162
216.73.217.18 - - [11/Aug/2026:10:14:52 -0600] "GET /server-side-render.js?edit=wp-mail.php&p=Ahome1Aimmorth6Apublic_html HTTP/2.0" 409 83 "-" "Mozilla/5.0 AppleWebKit/537.36 (KHTML, like Gecko; compatible; ClaudeBot/1.0; +claudebot@anthropic.com)" test.ovochi.com 74.220.219.162
64.182.46.134 - - [11/Aug/2026:10:14:53 -0600] "POST /wp-login.php HTTP/2.0" 409 83 "https://test.ovochi.com/wp-login.php" "Mozilla/5.0 (Windows NT 10.0; Win64; x64) AppleWebKit/537.36 (KHTML, like Gecko) Chrome/133.0.0.0 Safari/537.36" test.ovochi.com 74.220.219.162
216.73.217.18 - - [11/Aug/2026:10:14:57 -0600] "GET /?edit=utils.php&p=Ahome1Aimmorth6Apublic_htmlAwp-includesAblock-supports HTTP/2.0" 409 83 "-" "Mozilla/5.0 AppleWebKit/537.36 (KHTML, like Gecko; compatible; ClaudeBot/1.0; +claudebot@anthropic.com)" test.ovochi.com 74.220.219.162
74.7.242.19 - - [11/Aug/2026:10:15:00 -0600] "GET /post-edit-terms.js?p=Ahome1Aimmorth6Aimmortal-techInetAwp-includesAjsAtinymceApluginsAmedia HTTP/2.0" 200 1489 "https://www.test.ovochi.com/post-edit-terms.js?p=Ahome1Aimmorth6Aimmortal-techInetAwp-includesAjsAtinymceAplugins" "Mozilla/5.0 AppleWebKit/537.36 (KHTML, like Gecko; compatible; GPTBot/1.4; +https://openai.com/gptbot)" www.test.ovochi.com 74.220.219.162
216.73.217.18 - - [11/Aug/2026:10:15:02 -0600] "GET /wp-pointer.min.css?p=Ahome1Aimmorth6Apublic_htmlAtest-ovochi-comAwp-includesAbuildApages HTTP/2.0" 200 42395 "-" "Mozilla/5.0 AppleWebKit/537.36 (KHTML, like Gecko; compatible; ClaudeBot/1.0; +claudebot@anthropic.com)" test.ovochi.com 74.220.219.162
216.73.217.18 - - [11/Aug/2026:10:15:07 -0600] "GET /?edit=class-wp-list-table-compat.php&p=Ahome1Aimmorth6Apublic_htmlAtestAwp-adminAincludes HTTP/2.0" 409 83 "-" "Mozilla/5.0 AppleWebKit/537.36 (KHTML, like Gecko; compatible; ClaudeBot/1.0; +claudebot@anthropic.com)" test.ovochi.com 74.220.219.162
216.73.217.18 - - [11/Aug/2026:10:15:12 -0600] "GET /defaultdirdomain?edit=block-bindings.php&p=Ahome1Aimmorth6Apublic_htmlAwp-includes HTTP/2.0" 409 83 "-" "Mozilla/5.0 AppleWebKit/537.36 (KHTML, like Gecko; compatible; ClaudeBot/1.0; +claudebot@anthropic.com)" test.ovochi.com 74.220.219.162
74.7.242.19 - - [11/Aug/2026:10:15:12 -0600] "GET /post-edit-terms.js?p=Ahome1Aimmorth6Aimmortal-techInetAwp-includesAjsAtinymceApluginsApaste HTTP/2.0" 200 1490 "https://www.test.ovochi.com/post-edit-terms.js?p=Ahome1Aimmorth6Aimmortal-techInetAwp-includesAjsAtinymceAplugins" "Mozilla/5.0 AppleWebKit/537.36 (KHTML, like Gecko; compatible; GPTBot/1.4; +https://openai.com/gptbot)" www.test.ovochi.com 74.220.219.162
216.73.217.18 - - [11/Aug/2026:10:15:17 -0600] "GET /wp-admin.css?edit=custom-background.php&p=Ahome1Aimmorth6Apublic_htmlAwearmodaAwp-admin HTTP/2.0" 409 83 "-" "Mozilla/5.0 AppleWebKit/537.36 (KHTML, like Gecko; compatible; ClaudeBot/1.0; +claudebot@anthropic.com)" test.ovochi.com 74.220.219.162
216.73.217.18 - - [11/Aug/2026:10:15:22 -0600] "GET /customize-preview-rtl.css?edit=widgets.php&p=Ahome1Aimmorth6Apublic_htmlAkhaled_backupAwp-admin HTTP/2.0" 409 83 "-" "Mozilla/5.0 AppleWebKit/537.36 (KHTML, like Gecko; compatible; ClaudeBot/1.0; +claudebot@anthropic.com)" test.ovochi.com 74.220.219.162
74.7.242.19 - - [11/Aug/2026:10:15:23 -0600] "GET /post-edit-terms.js?p=Ahome1Aimmorth6Aimmortal-techInetAwp-includesAjsAtinymceApluginsAwpemoji HTTP/2.0" 200 1494 "https://www.test.ovochi.com/post-edit-terms.js?p=Ahome1Aimmorth6Aimmortal-techInetAwp-includesAjsAtinymceAplugins" "Mozilla/5.0 AppleWebKit/537.36 (KHTML, like Gecko; compatible; GPTBot/1.4; +https://openai.com/gptbot)" www.test.ovochi.com 74.220.219.162
216.73.217.18 - - [11/Aug/2026:10:15:28 -0600] "GET /defaultdirdomain?edit=functions.wp-styles.php&p=Ahome1Aimmorth6Apublic_htmlAwp-includes HTTP/2.0" 409 83 "-" "Mozilla/5.0 AppleWebKit/537.36 (KHTML, like Gecko; compatible; ClaudeBot/1.0; +claudebot@anthropic.com)" test.ovochi.com 74.220.219.162
74.7.242.19 - - [11/Aug/2026:10:15:33 -0600] "GET /post-edit-terms.js?p=Ahome1Aimmorth6Aimmortal-techInetAwp-includesAjsAtinymceApluginsAcharmap HTTP/2.0" 200 1506 "https://www.test.ovochi.com/post-edit-terms.js?p=Ahome1Aimmorth6Aimmortal-techInetAwp-includesAjsAtinymceAplugins" "Mozilla/5.0 AppleWebKit/537.36 (KHTML, like Gecko; compatible; GPTBot/1.4; +https://openai.com/gptbot)" www.test.ovochi.com 74.220.219.162
216.73.217.18 - - [11/Aug/2026:10:15:35 -0600] "GET /sq.mo?edit=class-wp-widget-recent-posts.php&p=Ahome1Aimmorth6Apublic_htmlAwp-includesAwidgets HTTP/2.0" 409 83 "-" "Mozilla/5.0 AppleWebKit/537.36 (KHTML, like Gecko; compatible; ClaudeBot/1.0; +claudebot@anthropic.com)" www.test.ovochi.com 74.220.219.162
216.73.217.18 - - [11/Aug/2026:10:15:39 -0600] "GET /inline-edit-post.min.js?edit=class-wp-theme-json.php&p=Ahome1Aimmorth6Apublic_htmlAtestAwp-includes HTTP/2.0" 409 83 "-" "Mozilla/5.0 AppleWebKit/537.36 (KHTML, like Gecko; compatible; ClaudeBot/1.0; +claudebot@anthropic.com)" www.test.ovochi.com 74.220.219.162
74.220.219.162 - - [11/Aug/2026:10:15:42 -0600] "POST /wp-cron.php?doing_wp_cron=1786464942.6131649017333984375000 HTTP/1.1" 200 - "-" "WordPress/7.0.2; https://test.ovochi.com" test.ovochi.com 74.220.219.162
74.7.242.19 - - [11/Aug/2026:10:15:42 -0600] "GET /post-edit-terms.js?p=Ahome1Aimmorth6Aimmortal-techInetAwp-includesAjsAtinymceApluginsAimage HTTP/2.0" 200 1492 "https://www.test.ovochi.com/post-edit-terms.js?p=Ahome1Aimmorth6Aimmortal-techInetAwp-includesAjsAtinymceAplugins" "Mozilla/5.0 AppleWebKit/537.36 (KHTML, like Gecko; compatible; GPTBot/1.4; +https://openai.com/gptbot)" www.test.ovochi.com 74.220.219.162
216.73.217.18 - - [11/Aug/2026:10:15:45 -0600] "GET /inline-edit-post.min.js?edit=class-wp-image-editor.php&p=Ahome1Aimmorth6Apublic_htmlAtestAwp-includes HTTP/2.0" 409 83 "-" "Mozilla/5.0 AppleWebKit/537.36 (KHTML, like Gecko; compatible; ClaudeBot/1.0; +claudebot@anthropic.com)" www.test.ovochi.com 74.220.219.162
74.7.242.42 - - [11/Aug/2026:10:15:45 -0600] "GET /1777370640.M119245P680287.box2010.bluehost.com,S=99093,W=100492:2,S?edit=block-bindings.php&p=Ahome1Aimmorth6Apublic_htmlAwebsite_cbafa9b6Awp-includes HTTP/2.0" 409 83 "https://test.ovochi.com/1777370640.M119245P680287.box2010.bluehost.com,S=99093,W=100492:2,S?p=Ahome1Aimmorth6Apublic_htmlAwebsite_cbafa9b6Awp-includes" "Mozilla/5.0 AppleWebKit/537.36 (KHTML, like Gecko; compatible; GPTBot/1.4; +https://openai.com/gptbot)" test.ovochi.com 74.220.219.162
216.73.217.18 - - [11/Aug/2026:10:15:49 -0600] "GET /inline-edit-post.min.js?edit=class-wp-http-response.php&p=Ahome1Aimmorth6Apublic_htmlAtestAwp-includes HTTP/2.0" 409 83 "-" "Mozilla/5.0 AppleWebKit/537.36 (KHTML, like Gecko; compatible; ClaudeBot/1.0; +claudebot@anthropic.com)" www.test.ovochi.com 74.220.219.162
74.7.242.19 - - [11/Aug/2026:10:15:50 -0600] "GET /post-edit-terms.js?p=Ahome1Aimmorth6Aimmortal-techInetAwp-includesASimplePieAContentAType HTTP/2.0" 200 1284 "https://www.test.ovochi.com/post-edit-terms.js?p=Ahome1Aimmorth6Aimmortal-techInetAwp-includesASimplePieAContent" "Mozilla/5.0 AppleWebKit/537.36 (KHTML, like Gecko; compatible; GPTBot/1.4; +https://openai.com/gptbot)" www.test.ovochi.com 74.220.219.162
216.73.217.18 - - [11/Aug/2026:10:15:54 -0600] "GET /inline-edit-post.min.js?edit=class-wp-user-request.php&p=Ahome1Aimmorth6Apublic_htmlAtestAwp-includes HTTP/2.0" 409 83 "-" "Mozilla/5.0 AppleWebKit/537.36 (KHTML, like Gecko; compatible; ClaudeBot/1.0; +claudebot@anthropic.com)" www.test.ovochi.com 74.220.219.162
74.7.242.19 - - [11/Aug/2026:10:15:57 -0600] "GET /ic_network_locked_24px.svg HTTP/2.0" 200 1734 "https://www.test.ovochi.com/post-excerpt.svg?p=Ahome1Aimmorth6AwwwAtest-ovochi-comAwp-contentApluginsArevsliderApublicAassetsAassetsAsvgAnotification" "Mozilla/5.0 AppleWebKit/537.36 (KHTML, like Gecko; compatible; GPTBot/1.4; +https://openai.com/gptbot)" www.test.ovochi.com 74.220.219.162
216.73.217.18 - - [11/Aug/2026:10:15:59 -0600] "GET /inline-edit-post.min.js?edit=class-wp-embed.php&p=Ahome1Aimmorth6Apublic_htmlAtestAwp-includes HTTP/2.0" 409 83 "-" "Mozilla/5.0 AppleWebKit/537.36 (KHTML, like Gecko; compatible; ClaudeBot/1.0; +claudebot@anthropic.com)" www.test.ovochi.com 74.220.219.162
74.7.242.19 - - [11/Aug/2026:10:16:04 -0600] "GET /akismet-refresh-logo@2x.png HTTP/2.0" 200 1734 "https://www.test.ovochi.com/post-excerpt.svg?p=Ahome1Aimmorth6AwwwAtest-ovochi-comAwp-contentApluginsAakismetA_incAimg" "Mozilla/5.0 AppleWebKit/537.36 (KHTML, like Gecko; compatible; GPTBot/1.4; +https://openai.com/gptbot)" www.test.ovochi.com 74.220.219.162
216.73.217.18 - - [11/Aug/2026:10:16:04 -0600] "GET /dns_cache.db?edit=nvdata.cache&p=Ahome1Aimmorth6AIcpanel HTTP/1.1" 200 1447 "-" "Mozilla/5.0 AppleWebKit/537.36 (KHTML, like Gecko; compatible; ClaudeBot/1.0; +claudebot@anthropic.com)" www.test.ovochi.com 74.220.219.162
216.73.217.18 - - [11/Aug/2026:10:16:04 -0600] "GET /dns_cache.db?edit=nvdata.cache&p=Ahome1Aimmorth6AIcpanel HTTP/2.0" 200 1447 "-" "Mozilla/5.0 AppleWebKit/537.36 (KHTML, like Gecko; compatible; ClaudeBot/1.0; +claudebot@anthropic.com)" www.test.ovochi.com 74.220.219.162
216.73.217.18 - - [11/Aug/2026:10:16:09 -0600] "GET /ar.mo?edit=plugins.php&p=Ahome1Aimmorth6Apublic_htmlAwp-adminAnetwork HTTP/2.0" 409 83 "-" "Mozilla/5.0 AppleWebKit/537.36 (KHTML, like Gecko; compatible; ClaudeBot/1.0; +claudebot@anthropic.com)" www.test.ovochi.com 74.220.219.162
74.7.242.19 - - [11/Aug/2026:10:16:10 -0600] "GET /post-excerpt.svg?edit=edit.php&p=Ahome1Aimmorth6AwwwAhiAwp-admin HTTP/2.0" 409 83 "https://www.test.ovochi.com/post-excerpt.svg?p=Ahome1Aimmorth6AwwwAhiAwp-admin" "Mozilla/5.0 AppleWebKit/537.36 (KHTML, like Gecko; compatible; GPTBot/1.4; +https://openai.com/gptbot)" www.test.ovochi.com 74.220.219.162
216.73.217.18 - - [11/Aug/2026:10:16:14 -0600] "GET /ovochi.immortal-designs.net HTTP/1.1" 200 1734 "-" "Mozilla/5.0 AppleWebKit/537.36 (KHTML, like Gecko; compatible; ClaudeBot/1.0; +claudebot@anthropic.com)" www.test.ovochi.com 74.220.219.162
216.73.217.18 - - [11/Aug/2026:10:16:14 -0600] "GET /ovochi.immortal-designs.net HTTP/2.0" 200 1734 "-" "Mozilla/5.0 AppleWebKit/537.36 (KHTML, like Gecko; compatible; ClaudeBot/1.0; +claudebot@anthropic.com)" www.test.ovochi.com 74.220.219.162
74.7.242.19 - - [11/Aug/2026:10:16:15 -0600] "GET /Blockable_Tag_Interface.php HTTP/2.0" 409 83 "https://www.test.ovochi.com/post-excerpt.svg?p=Ahome1Aimmorth6AwwwAimmortalsignAwp-contentApluginsAgoogle-site-kitAincludesACoreATags" "Mozilla/5.0 AppleWebKit/537.36 (KHTML, like Gecko; compatible; GPTBot/1.4; +https://openai.com/gptbot)" www.test.ovochi.com 74.220.219.162
216.73.217.18 - - [11/Aug/2026:10:16:19 -0600] "GET /info@immortal-tech.net.pref?edit=class-wp-list-util.php&p=Ahome1Aimmorth6Apublic_htmlAwp-includes HTTP/2.0" 409 83 "-" "Mozilla/5.0 AppleWebKit/537.36 (KHTML, like Gecko; compatible; ClaudeBot/1.0; +claudebot@anthropic.com)" www.test.ovochi.com 74.220.219.162
216.73.217.18 - - [11/Aug/2026:10:16:24 -0600] "GET /info@immortal-tech.net.pref?edit=registration-functions.php&p=Ahome1Aimmorth6Apublic_htmlAwp-includes HTTP/2.0" 409 83 "-" "Mozilla/5.0 AppleWebKit/537.36 (KHTML, like Gecko; compatible; ClaudeBot/1.0; +claudebot@anthropic.com)" www.test.ovochi.com 74.220.219.162
216.73.217.18 - - [11/Aug/2026:10:16:29 -0600] "GET /info@immortal-tech.net.pref?edit=class-wp-http-cookie.php&p=Ahome1Aimmorth6AwwwAwp-includes HTTP/2.0" 409 83 "-" "Mozilla/5.0 AppleWebKit/537.36 (KHTML, like Gecko; compatible; ClaudeBot/1.0; +claudebot@anthropic.com)" www.test.ovochi.com 74.220.219.162
74.7.242.19 - - [11/Aug/2026:10:16:31 -0600] "GET /16x16_sdf_hover_wp_icon.png HTTP/2.0" 200 1734 "https://www.test.ovochi.com/post-excerpt.svg?p=Ahome1Aimmorth6AwwwAimmortaltechAwp-contentApluginsAseo-ultimateApluginAimgAlogos" "Mozilla/5.0 AppleWebKit/537.36 (KHTML, like Gecko; compatible; GPTBot/1.4; +https://openai.com/gptbot)" www.test.ovochi.com 74.220.219.162
216.73.217.18 - - [11/Aug/2026:10:16:35 -0600] "GET /info@immortal-tech.net.pref?edit=category.php&p=Ahome1Aimmorth6Apublic_htmlAwp-includes HTTP/2.0" 409 83 "-" "Mozilla/5.0 AppleWebKit/537.36 (KHTML, like Gecko; compatible; ClaudeBot/1.0; +claudebot@anthropic.com)" www.test.ovochi.com 74.220.219.162
216.73.217.18 - - [11/Aug/2026:10:16:39 -0600] "GET /projects.rcube.db.1784101421?edit=phpinfos.php&p=Ahome1Aimmorth6Apublic_html HTTP/2.0" 409 83 "-" "Mozilla/5.0 AppleWebKit/537.36 (KHTML, like Gecko; compatible; ClaudeBot/1.0; +claudebot@anthropic.com)" www.test.ovochi.com 74.220.219.162
216.73.217.18 - - [11/Aug/2026:10:16:45 -0600] "GET /?edit=query.php&p=Ahome1Aimmorth6Apublic_htmlAwp-includesAblocks HTTP/2.0" 409 83 "-" "Mozilla/5.0 AppleWebKit/537.36 (KHTML, like Gecko; compatible; ClaudeBot/1.0; +claudebot@anthropic.com)" www.test.ovochi.com 74.220.219.162
216.73.217.18 - - [11/Aug/2026:10:16:49 -0600] "GET /link.min.js?p=Ahome1Aimmorth6AIwp-cli HTTP/2.0" 200 1188 "-" "Mozilla/5.0 AppleWebKit/537.36 (KHTML, like Gecko; compatible; ClaudeBot/1.0; +claudebot@anthropic.com)" www.test.ovochi.com 74.220.219.162
74.7.242.42 - - [11/Aug/2026:10:16:51 -0600] "GET /1754472900.M343546P43338.box2010.bluehost.com,S=259023,W=262490:2,S?edit=block-bindings.php&p=Ahome1Aimmorth6Apublic_htmlAwebsite_efd5428fAwp-includes HTTP/2.0" 409 83 "https://test.ovochi.com/1754472900.M343546P43338.box2010.bluehost.com,S=259023,W=262490:2,S?p=Ahome1Aimmorth6Apublic_htmlAwebsite_efd5428fAwp-includes" "Mozilla/5.0 AppleWebKit/537.36 (KHTML, like Gecko; compatible; GPTBot/1.4; +https://openai.com/gptbot)" test.ovochi.com 74.220.219.162
216.73.217.18 - - [11/Aug/2026:10:16:54 -0600] "GET /2b2?edit=theme-install.php&p=Ahome1Aimmorth6Apublic_htmlAwp-adminAincludes HTTP/2.0" 409 83 "-" "Mozilla/5.0 AppleWebKit/537.36 (KHTML, like Gecko; compatible; ClaudeBot/1.0; +claudebot@anthropic.com)" www.test.ovochi.com 74.220.219.162
216.73.217.18 - - [11/Aug/2026:10:16:59 -0600] "GET /inline-edit-post.min.js?edit=class-wp-customize-section.php&p=Ahome1Aimmorth6Apublic_htmlAtestAwp-includes HTTP/2.0" 409 83 "-" "Mozilla/5.0 AppleWebKit/537.36 (KHTML, like Gecko; compatible; ClaudeBot/1.0; +claudebot@anthropic.com)" www.test.ovochi.com 74.220.219.162
216.73.217.18 - - [11/Aug/2026:10:17:04 -0600] "GET /info@immortal-tech.net.pref?edit=author-template.php&p=Ahome1Aimmorth6Apublic_htmlAwp-includes HTTP/2.0" 409 83 "-" "Mozilla/5.0 AppleWebKit/537.36 (KHTML, like Gecko; compatible; ClaudeBot/1.0; +claudebot@anthropic.com)" www.test.ovochi.com 74.220.219.162
216.73.217.18 - - [11/Aug/2026:10:17:09 -0600] "GET /?edit=speculative-loading.php&p=Ahome1Aimmorth6Apublic_htmlAwp-includes HTTP/2.0" 409 83 "-" "Mozilla/5.0 AppleWebKit/537.36 (KHTML, like Gecko; compatible; ClaudeBot/1.0; +claudebot@anthropic.com)" www.test.ovochi.com 74.220.219.162
216.73.217.18 - - [11/Aug/2026:10:17:15 -0600] "GET /mohammed@ovochi.com_default_webmail_app?edit=admin-network-ar.po&p=Ahome1Aimmorth6Apublic_htmlAwp-contentAlanguages HTTP/1.1" 200 69111 "-" "Mozilla/5.0 AppleWebKit/537.36 (KHTML, like Gecko; compatible; ClaudeBot/1.0; +claudebot@anthropic.com)" test.ovochi.com 74.220.219.162
216.73.217.18 - - [11/Aug/2026:10:17:15 -0600] "GET /mohammed@ovochi.com_default_webmail_app?edit=admin-network-ar.po&p=Ahome1Aimmorth6Apublic_htmlAwp-contentAlanguages HTTP/2.0" 200 69111 "-" "Mozilla/5.0 AppleWebKit/537.36 (KHTML, like Gecko; compatible; ClaudeBot/1.0; +claudebot@anthropic.com)" test.ovochi.com 74.220.219.162
74.7.242.19 - - [11/Aug/2026:10:17:17 -0600] "GET /18x18_sdf_hover_wp_icon.png HTTP/2.0" 200 1734 "https://www.test.ovochi.com/post-excerpt.svg?p=Ahome1Aimmorth6AwwwAimmortaltechAwp-contentApluginsAseo-ultimateApluginAimgAlogos" "Mozilla/5.0 AppleWebKit/537.36 (KHTML, like Gecko; compatible; GPTBot/1.4; +https://openai.com/gptbot)" www.test.ovochi.com 74.220.219.162
216.73.217.18 - - [11/Aug/2026:10:17:20 -0600] "GET /theme.js?edit=wp-mail.php&p=Ahome1Aimmorth6Apublic_html HTTP/2.0" 409 83 "-" "Mozilla/5.0 AppleWebKit/537.36 (KHTML, like Gecko; compatible; ClaudeBot/1.0; +claudebot@anthropic.com)" test.ovochi.com 74.220.219.162
216.73.217.18 - - [11/Aug/2026:10:17:25 -0600] "GET /?edit=media-template.php&p=Ahome1Aimmorth6Apublic_htmlAwp-includes HTTP/2.0" 409 83 "-" "Mozilla/5.0 AppleWebKit/537.36 (KHTML, like Gecko; compatible; ClaudeBot/1.0; +claudebot@anthropic.com)" test.ovochi.com 74.220.219.162
216.73.217.18 - - [11/Aug/2026:10:17:30 -0600] "GET /jquery.table-hotkeys.js?edit=edit-comments.php&p=Ahome1Aimmorth6Apublic_htmlAimmortalconstAwp-admin HTTP/2.0" 409 83 "-" "Mozilla/5.0 AppleWebKit/537.36 (KHTML, like Gecko; compatible; ClaudeBot/1.0; +claudebot@anthropic.com)" test.ovochi.com 74.220.219.162
216.73.217.18 - - [11/Aug/2026:10:17:35 -0600] "GET /awstats092025.acesolutions-ksa.ovochi.com.txt HTTP/1.1" 200 1734 "-" "Mozilla/5.0 AppleWebKit/537.36 (KHTML, like Gecko; compatible; ClaudeBot/1.0; +claudebot@anthropic.com)" test.ovochi.com 74.220.219.162
216.73.217.18 - - [11/Aug/2026:10:17:35 -0600] "GET /awstats092025.acesolutions-ksa.ovochi.com.txt HTTP/2.0" 200 1734 "-" "Mozilla/5.0 AppleWebKit/537.36 (KHTML, like Gecko; compatible; ClaudeBot/1.0; +claudebot@anthropic.com)" test.ovochi.com 74.220.219.162
216.73.217.18 - - [11/Aug/2026:10:17:40 -0600] "GET /code-editor.min.css?edit=endurance-page-cache.php&p=Ahome1Aimmorth6Apublic_htmlAtest-ovochi-comAwp-contentAmu-plugins HTTP/2.0" 409 83 "-" "Mozilla/5.0 AppleWebKit/537.36 (KHTML, like Gecko; compatible; ClaudeBot/1.0; +claudebot@anthropic.com)" test.ovochi.com 74.220.219.162
74.220.219.162 - - [11/Aug/2026:10:17:46 -0600] "POST /wp-cron.php?doing_wp_cron=1786465066.3681008815765380859375 HTTP/1.1" 200 - "-" "WordPress/7.0.2; https://test.ovochi.com" test.ovochi.com 74.220.219.162
216.73.217.18 - - [11/Aug/2026:10:17:45 -0600] "GET /operation.manager.rcube.db.1784101421?edit=error_log&p=Ahome1Aimmorth6 HTTP/1.1" 200 57163 "-" "Mozilla/5.0 AppleWebKit/537.36 (KHTML, like Gecko; compatible; ClaudeBot/1.0; +claudebot@anthropic.com)" test.ovochi.com 74.220.219.162
216.73.217.18 - - [11/Aug/2026:10:17:45 -0600] "GET /operation.manager.rcube.db.1784101421?edit=error_log&p=Ahome1Aimmorth6 HTTP/2.0" 200 57163 "-" "Mozilla/5.0 AppleWebKit/537.36 (KHTML, like Gecko; compatible; ClaudeBot/1.0; +claudebot@anthropic.com)" test.ovochi.com 74.220.219.162
216.73.217.18 - - [11/Aug/2026:10:17:50 -0600] "GET /wp-admin.css?edit=error_log&p=Ahome1Aimmorth6Apublic_htmlAwearmodaAwp-adminAnetwork HTTP/2.0" 200 42092 "-" "Mozilla/5.0 AppleWebKit/537.36 (KHTML, like Gecko; compatible; ClaudeBot/1.0; +claudebot@anthropic.com)" test.ovochi.com 74.220.219.162
216.73.217.18 - - [11/Aug/2026:10:17:55 -0600] "GET /server-side-render.js?edit=wp-settings.php&p=Ahome1Aimmorth6Apublic_htmlAimmortalconst HTTP/2.0" 409 83 "-" "Mozilla/5.0 AppleWebKit/537.36 (KHTML, like Gecko; compatible; ClaudeBot/1.0; +claudebot@anthropic.com)" test.ovochi.com 74.220.219.162
74.7.242.42 - - [11/Aug/2026:10:17:55 -0600] "GET /1767164903.M227000P277058.box2010.bluehost.com,S=22932,W=23285:2,S?edit=https-migration.php&p=Ahome1Aimmorth6Apublic_htmlAwebsite_8f025ff1Awp-includes HTTP/2.0" 409 83 "https://test.ovochi.com/1767164903.M227000P277058.box2010.bluehost.com,S=22932,W=23285:2,S?p=Ahome1Aimmorth6Apublic_htmlAwebsite_8f025ff1Awp-includes" "Mozilla/5.0 AppleWebKit/537.36 (KHTML, like Gecko; compatible; GPTBot/1.4; +https://openai.com/gptbot)" test.ovochi.com 74.220.219.162
216.73.217.18 - - [11/Aug/2026:10:18:00 -0600] "GET /?edit=class-wp-customize-setting.php&p=Ahome1Aimmorth6AwwwAtestAwp-includes HTTP/2.0" 409 83 "-" "Mozilla/5.0 AppleWebKit/537.36 (KHTML, like Gecko; compatible; ClaudeBot/1.0; +claudebot@anthropic.com)" test.ovochi.com 74.220.219.162
