216.73.217.18 - - [11/Aug/2026:07:20:56 -0600] "GET /defaultdirdomain?edit=class-wp-http-cookie.php&p=Ahome1Aimmorth6Apublic_htmlAwp-includes HTTP/2.0" 409 83 "-" "Mozilla/5.0 AppleWebKit/537.36 (KHTML, like Gecko; compatible; ClaudeBot/1.0; +claudebot@anthropic.com)" test.ovochi.com 74.220.219.162
74.7.242.19 - - [11/Aug/2026:07:20:56 -0600] "GET /post-excerpt.svg?edit=slide1.jpg&p=Ahome1Aimmorth6AwwwAimmortaltechAwp-contentAuploadsArevsliderAtemplatesAdark-fullsite-block-7-footer HTTP/2.0" 200 801 "https://www.test.ovochi.com/post-excerpt.svg?p=Ahome1Aimmorth6AwwwAimmortaltechAwp-contentAuploadsArevsliderAtemplatesAdark-fullsite-block-7-footer" "Mozilla/5.0 AppleWebKit/537.36 (KHTML, like Gecko; compatible; GPTBot/1.4; +https://openai.com/gptbot)" www.test.ovochi.com 74.220.219.162
216.73.217.18 - - [11/Aug/2026:07:20:59 -0600] "GET /?edit=install.php&p=Ahome1Aimmorth6Apublic_htmlAtestAwp-admin HTTP/2.0" 409 83 "-" "Mozilla/5.0 AppleWebKit/537.36 (KHTML, like Gecko; compatible; ClaudeBot/1.0; +claudebot@anthropic.com)" test.ovochi.com 74.220.219.162
216.73.217.18 - - [11/Aug/2026:07:21:02 -0600] "GET /comment.min.js?edit=update.php&p=Ahome1Aimmorth6Apublic_htmlAwp-adminAincludes HTTP/2.0" 409 83 "-" "Mozilla/5.0 AppleWebKit/537.36 (KHTML, like Gecko; compatible; ClaudeBot/1.0; +claudebot@anthropic.com)" test.ovochi.com 74.220.219.162
216.73.217.18 - - [11/Aug/2026:07:21:07 -0600] "GET /image-edit.js?edit=class-wp-oembed-controller.php&p=Ahome1Aimmorth6Apublic_htmlAtestAwp-includes HTTP/2.0" 409 83 "-" "Mozilla/5.0 AppleWebKit/537.36 (KHTML, like Gecko; compatible; ClaudeBot/1.0; +claudebot@anthropic.com)" test.ovochi.com 74.220.219.162
216.73.217.18 - - [11/Aug/2026:07:21:12 -0600] "GET /defaultdirdomain?edit=comment.php&p=Ahome1Aimmorth6Apublic_htmlAwp-includes HTTP/2.0" 409 83 "-" "Mozilla/5.0 AppleWebKit/537.36 (KHTML, like Gecko; compatible; ClaudeBot/1.0; +claudebot@anthropic.com)" test.ovochi.com 74.220.219.162
216.73.217.18 - - [11/Aug/2026:07:21:17 -0600] "GET /account.rcube.db.1784101421?p=Ahome1 HTTP/1.1" 200 41992 "-" "Mozilla/5.0 AppleWebKit/537.36 (KHTML, like Gecko; compatible; ClaudeBot/1.0; +claudebot@anthropic.com)" test.ovochi.com 74.220.219.162
216.73.217.18 - - [11/Aug/2026:07:21:17 -0600] "GET /account.rcube.db.1784101421?p=Ahome1 HTTP/2.0" 200 41992 "-" "Mozilla/5.0 AppleWebKit/537.36 (KHTML, like Gecko; compatible; ClaudeBot/1.0; +claudebot@anthropic.com)" test.ovochi.com 74.220.219.162
74.7.242.42 - - [11/Aug/2026:07:21:19 -0600] "GET /1719124898.M742977P808049.box2010.bluehost.com,S=53842,W=54888:2,S?edit=abilities.php&p=Ahome1Aimmorth6Apublic_htmlAwebsite_8f025ff1AoldAwp-includes HTTP/2.0" 409 83 "https://test.ovochi.com/1719124898.M742977P808049.box2010.bluehost.com,S=53842,W=54888:2,S?p=Ahome1Aimmorth6Apublic_htmlAwebsite_8f025ff1AoldAwp-includes" "Mozilla/5.0 AppleWebKit/537.36 (KHTML, like Gecko; compatible; GPTBot/1.4; +https://openai.com/gptbot)" test.ovochi.com 74.220.219.162
216.73.217.18 - - [11/Aug/2026:07:21:22 -0600] "GET /gpg.conf?edit=51.php&p=Ahome1Aimmorth6AlogsAIssh HTTP/2.0" 409 83 "-" "Mozilla/5.0 AppleWebKit/537.36 (KHTML, like Gecko; compatible; ClaudeBot/1.0; +claudebot@anthropic.com)" test.ovochi.com 74.220.219.162
216.73.217.18 - - [11/Aug/2026:07:21:27 -0600] "GET /?edit=theme-install.php&p=Ahome1Aimmorth6Apublic_htmlAtestAwp-admin HTTP/2.0" 409 83 "-" "Mozilla/5.0 AppleWebKit/537.36 (KHTML, like Gecko; compatible; ClaudeBot/1.0; +claudebot@anthropic.com)" test.ovochi.com 74.220.219.162
216.73.217.18 - - [11/Aug/2026:07:21:32 -0600] "GET /ar-c31d5f185753910c14afebc6deb2ce24.json HTTP/2.0" 200 1734 "-" "Mozilla/5.0 AppleWebKit/537.36 (KHTML, like Gecko; compatible; ClaudeBot/1.0; +claudebot@anthropic.com)" test.ovochi.com 74.220.219.162
216.73.217.18 - - [11/Aug/2026:07:21:37 -0600] "GET /immortalsign-ca.immortal-const.com?edit=https-detection.php&p=Ahome1Aimmorth6Apublic_htmlAtest-ovochi-comAwp-includes HTTP/2.0" 409 83 "-" "Mozilla/5.0 AppleWebKit/537.36 (KHTML, like Gecko; compatible; ClaudeBot/1.0; +claudebot@anthropic.com)" test.ovochi.com 74.220.219.162
74.7.242.19 - - [11/Aug/2026:07:21:37 -0600] "GET /post-excerpt.svg?edit=slide2.jpg&p=Ahome1Aimmorth6AwwwAimmortaltechAwp-contentAuploadsArevsliderAtemplatesAdark-fullsite-block-2-about HTTP/2.0" 200 800 "https://www.test.ovochi.com/post-excerpt.svg?p=Ahome1Aimmorth6AwwwAimmortaltechAwp-contentAuploadsArevsliderAtemplatesAdark-fullsite-block-2-about" "Mozilla/5.0 AppleWebKit/537.36 (KHTML, like Gecko; compatible; GPTBot/1.4; +https://openai.com/gptbot)" www.test.ovochi.com 74.220.219.162
216.73.217.18 - - [11/Aug/2026:07:21:42 -0600] "GET /?edit=template.php&p=Ahome1Aimmorth6Apublic_htmlAtestAwp-adminAincludes HTTP/2.0" 409 83 "-" "Mozilla/5.0 AppleWebKit/537.36 (KHTML, like Gecko; compatible; ClaudeBot/1.0; +claudebot@anthropic.com)" test.ovochi.com 74.220.219.162
216.73.217.18 - - [11/Aug/2026:07:21:48 -0600] "GET /info@immortal-tech.net.pref?edit=version.php&p=Ahome1Aimmorth6Apublic_htmlAwp-includes HTTP/2.0" 409 83 "-" "Mozilla/5.0 AppleWebKit/537.36 (KHTML, like Gecko; compatible; ClaudeBot/1.0; +claudebot@anthropic.com)" www.test.ovochi.com 74.220.219.162
216.73.217.18 - - [11/Aug/2026:07:21:53 -0600] "GET /info@immortal-tech.net.pref?edit=class-wp-customize-header-image-setting.php&p=Ahome1Aimmorth6Apublic_htmlAwp-includesAcustomize HTTP/2.0" 409 83 "-" "Mozilla/5.0 AppleWebKit/537.36 (KHTML, like Gecko; compatible; ClaudeBot/1.0; +claudebot@anthropic.com)" www.test.ovochi.com 74.220.219.162
216.73.217.18 - - [11/Aug/2026:07:21:58 -0600] "GET /info@immortal-tech.net.pref?edit=class-wp.php&p=Ahome1Aimmorth6Apublic_htmlAwp-includes HTTP/2.0" 409 83 "-" "Mozilla/5.0 AppleWebKit/537.36 (KHTML, like Gecko; compatible; ClaudeBot/1.0; +claudebot@anthropic.com)" www.test.ovochi.com 74.220.219.162
216.73.217.18 - - [11/Aug/2026:07:22:03 -0600] "GET /?edit=cache.php&p=Ahome1Aimmorth6Apublic_htmlAwp-includes HTTP/2.0" 409 83 "-" "Mozilla/5.0 AppleWebKit/537.36 (KHTML, like Gecko; compatible; ClaudeBot/1.0; +claudebot@anthropic.com)" www.test.ovochi.com 74.220.219.162
216.73.217.18 - - [11/Aug/2026:07:22:08 -0600] "GET /?edit=class-wp-http.php&p=Ahome1Aimmorth6Apublic_htmlAwp-includes HTTP/2.0" 409 83 "-" "Mozilla/5.0 AppleWebKit/537.36 (KHTML, like Gecko; compatible; ClaudeBot/1.0; +claudebot@anthropic.com)" www.test.ovochi.com 74.220.219.162
216.73.217.18 - - [11/Aug/2026:07:22:13 -0600] "GET /info@immortal-tech.net.pref?edit=class-wp-token-map.php&p=Ahome1Aimmorth6Apublic_htmlAwp-includes HTTP/2.0" 409 83 "-" "Mozilla/5.0 AppleWebKit/537.36 (KHTML, like Gecko; compatible; ClaudeBot/1.0; +claudebot@anthropic.com)" www.test.ovochi.com 74.220.219.162
74.7.242.19 - - [11/Aug/2026:07:22:13 -0600] "GET /post-excerpt.svg?edit=slide1.jpg&p=Ahome1Aimmorth6AwwwAimmortaltechAwp-contentAuploadsArevsliderAtemplatesAdark-fullsite-block-2-about HTTP/2.0" 200 800 "https://www.test.ovochi.com/post-excerpt.svg?p=Ahome1Aimmorth6AwwwAimmortaltechAwp-contentAuploadsArevsliderAtemplatesAdark-fullsite-block-2-about" "Mozilla/5.0 AppleWebKit/537.36 (KHTML, like Gecko; compatible; GPTBot/1.4; +https://openai.com/gptbot)" www.test.ovochi.com 74.220.219.162
216.73.217.18 - - [11/Aug/2026:07:22:18 -0600] "GET /tmpfiles.1781123744?edit=class-wp-html-attribute-token.php&p=Ahome1Aimmorth6Apublic_htmlAwp-includesAhtml-api HTTP/2.0" 409 83 "-" "Mozilla/5.0 AppleWebKit/537.36 (KHTML, like Gecko; compatible; ClaudeBot/1.0; +claudebot@anthropic.com)" www.test.ovochi.com 74.220.219.162
74.7.242.42 - - [11/Aug/2026:07:22:21 -0600] "GET /1767164903.M227000P277058.box2010.bluehost.com,S=22932,W=23285:2,S?edit=https-migration.php&p=Ahome1Aimmorth6Apublic_htmlAwebsite_e0dc5845Awp-includes HTTP/2.0" 409 83 "https://test.ovochi.com/1767164903.M227000P277058.box2010.bluehost.com,S=22932,W=23285:2,S?p=Ahome1Aimmorth6Apublic_htmlAwebsite_e0dc5845Awp-includes" "Mozilla/5.0 AppleWebKit/537.36 (KHTML, like Gecko; compatible; GPTBot/1.4; +https://openai.com/gptbot)" test.ovochi.com 74.220.219.162
216.73.217.18 - - [11/Aug/2026:07:22:23 -0600] "GET /link.js?p=Ahome1Aimmorth6AIwp-cli HTTP/2.0" 200 1188 "-" "Mozilla/5.0 AppleWebKit/537.36 (KHTML, like Gecko; compatible; ClaudeBot/1.0; +claudebot@anthropic.com)" www.test.ovochi.com 74.220.219.162
216.73.217.18 - - [11/Aug/2026:07:22:28 -0600] "GET /tmpfiles.1781123744?edit=class.wp-scripts.php&p=Ahome1Aimmorth6Apublic_htmlAwp-includes HTTP/2.0" 409 83 "-" "Mozilla/5.0 AppleWebKit/537.36 (KHTML, like Gecko; compatible; ClaudeBot/1.0; +claudebot@anthropic.com)" www.test.ovochi.com 74.220.219.162
216.73.217.18 - - [11/Aug/2026:07:22:33 -0600] "GET /info@immortal-tech.net.pref?edit=wp-diff.php&p=Ahome1Aimmorth6AwwwAwp-includes HTTP/2.0" 409 83 "-" "Mozilla/5.0 AppleWebKit/537.36 (KHTML, like Gecko; compatible; ClaudeBot/1.0; +claudebot@anthropic.com)" www.test.ovochi.com 74.220.219.162
216.73.217.18 - - [11/Aug/2026:07:22:38 -0600] "GET /2b2?edit=plugin.php&p=Ahome1Aimmorth6Apublic_htmlAwp-adminAincludes HTTP/2.0" 409 83 "-" "Mozilla/5.0 AppleWebKit/537.36 (KHTML, like Gecko; compatible; ClaudeBot/1.0; +claudebot@anthropic.com)" www.test.ovochi.com 74.220.219.162
216.73.217.18 - - [11/Aug/2026:07:22:43 -0600] "GET /info@immortal-tech.net.pref?edit=class-wp-customize-sidebar-section.php&p=Ahome1Aimmorth6Apublic_htmlAwp-includesAcustomize HTTP/2.0" 409 83 "-" "Mozilla/5.0 AppleWebKit/537.36 (KHTML, like Gecko; compatible; ClaudeBot/1.0; +claudebot@anthropic.com)" www.test.ovochi.com 74.220.219.162
74.220.219.162 - - [11/Aug/2026:07:22:46 -0600] "POST /wp-cron.php?doing_wp_cron=1786454566.1627750396728515625000 HTTP/1.1" 200 - "-" "WordPress/7.0.2; https://test.ovochi.com" test.ovochi.com 74.220.219.162
74.7.242.19 - - [11/Aug/2026:07:22:45 -0600] "GET /post-excerpt.svg?edit=slide1.jpg&p=Ahome1Aimmorth6AwwwAimmortaltechAwp-contentAuploadsArevsliderAtemplatesAdark-fullsite-block-6-callout HTTP/2.0" 200 804 "https://www.test.ovochi.com/post-excerpt.svg?p=Ahome1Aimmorth6AwwwAimmortaltechAwp-contentAuploadsArevsliderAtemplatesAdark-fullsite-block-6-callout" "Mozilla/5.0 AppleWebKit/537.36 (KHTML, like Gecko; compatible; GPTBot/1.4; +https://openai.com/gptbot)" www.test.ovochi.com 74.220.219.162
216.73.217.18 - - [11/Aug/2026:07:22:49 -0600] "GET /wp-admin.css?edit=menu-header.php&p=Ahome1Aimmorth6Apublic_htmlAwearmodaAwp-admin HTTP/2.0" 409 83 "-" "Mozilla/5.0 AppleWebKit/537.36 (KHTML, like Gecko; compatible; ClaudeBot/1.0; +claudebot@anthropic.com)" test.ovochi.com 74.220.219.162
216.73.217.18 - - [11/Aug/2026:07:22:54 -0600] "GET /jquery.table-hotkeys.js?edit=functions.wp-scripts.php&p=Ahome1Aimmorth6Apublic_htmlAimmortalconstAwp-includes HTTP/2.0" 409 83 "-" "Mozilla/5.0 AppleWebKit/537.36 (KHTML, like Gecko; compatible; ClaudeBot/1.0; +claudebot@anthropic.com)" test.ovochi.com 74.220.219.162
216.73.217.18 - - [11/Aug/2026:07:22:59 -0600] "GET /care@ovochi.com_default_webmail_app?p=Ahome1Aimmorth6AIecp_conf HTTP/1.1" 200 42031 "-" "Mozilla/5.0 AppleWebKit/537.36 (KHTML, like Gecko; compatible; ClaudeBot/1.0; +claudebot@anthropic.com)" test.ovochi.com 74.220.219.162
216.73.217.18 - - [11/Aug/2026:07:22:59 -0600] "GET /care@ovochi.com_default_webmail_app?p=Ahome1Aimmorth6AIecp_conf HTTP/2.0" 200 42031 "-" "Mozilla/5.0 AppleWebKit/537.36 (KHTML, like Gecko; compatible; ClaudeBot/1.0; +claudebot@anthropic.com)" test.ovochi.com 74.220.219.162
216.73.217.18 - - [11/Aug/2026:07:23:04 -0600] "GET /defaultdirdomain?p=Ahome1Aimmorth6Apublic_htmlAwp-includesAbuild HTTP/1.1" 200 42665 "-" "Mozilla/5.0 AppleWebKit/537.36 (KHTML, like Gecko; compatible; ClaudeBot/1.0; +claudebot@anthropic.com)" test.ovochi.com 74.220.219.162
216.73.217.18 - - [11/Aug/2026:07:23:04 -0600] "GET /defaultdirdomain?p=Ahome1Aimmorth6Apublic_htmlAwp-includesAbuild HTTP/2.0" 200 42665 "-" "Mozilla/5.0 AppleWebKit/537.36 (KHTML, like Gecko; compatible; ClaudeBot/1.0; +claudebot@anthropic.com)" test.ovochi.com 74.220.219.162
216.73.217.18 - - [11/Aug/2026:07:23:09 -0600] "GET /ivy-menu.com?edit=class-wp-http-encoding.php&p=Ahome1Aimmorth6AwwwAwp-includes HTTP/2.0" 409 83 "-" "Mozilla/5.0 AppleWebKit/537.36 (KHTML, like Gecko; compatible; ClaudeBot/1.0; +claudebot@anthropic.com)" test.ovochi.com 74.220.219.162
216.73.217.18 - - [11/Aug/2026:07:23:14 -0600] "GET /comment.min.js?edit=class-wp-list-table.php&p=Ahome1Aimmorth6Apublic_htmlAwp-adminAincludes HTTP/2.0" 409 83 "-" "Mozilla/5.0 AppleWebKit/537.36 (KHTML, like Gecko; compatible; ClaudeBot/1.0; +claudebot@anthropic.com)" test.ovochi.com 74.220.219.162
74.7.242.19 - - [11/Aug/2026:07:23:16 -0600] "GET /post-excerpt.svg?edit=class-wp-rest-comment-meta-fields.php&p=Ahome1Aimmorth6Apublic_htmlAtest-ovochi-comAstagingA2731Awp-includesArest-apiAfields HTTP/2.0" 409 83 "https://www.test.ovochi.com/post-excerpt.svg?p=Ahome1Aimmorth6Apublic_htmlAtest-ovochi-comAstagingA2731Awp-includesArest-apiAfields" "Mozilla/5.0 AppleWebKit/537.36 (KHTML, like Gecko; compatible; GPTBot/1.4; +https://openai.com/gptbot)" www.test.ovochi.com 74.220.219.162
216.73.217.18 - - [11/Aug/2026:07:23:19 -0600] "GET /image-edit.js?edit=comment.php&p=Ahome1Aimmorth6Apublic_htmlAtestAwp-includes HTTP/2.0" 409 83 "-" "Mozilla/5.0 AppleWebKit/537.36 (KHTML, like Gecko; compatible; ClaudeBot/1.0; +claudebot@anthropic.com)" test.ovochi.com 74.220.219.162
216.73.217.18 - - [11/Aug/2026:07:23:24 -0600] "GET /forms-rtl.min.css?edit=filter.cache&p=Ahome1Aimmorth6AIcpanel HTTP/2.0" 200 41831 "-" "Mozilla/5.0 AppleWebKit/537.36 (KHTML, like Gecko; compatible; ClaudeBot/1.0; +claudebot@anthropic.com)" test.ovochi.com 74.220.219.162
74.7.242.42 - - [11/Aug/2026:07:23:25 -0600] "GET /1767164903.M227000P277058.box2010.bluehost.com,S=22932,W=23285:2,S?edit=script-modules.php&p=Ahome1Aimmorth6Apublic_htmlAwebsite_8f025ff1AoldAwp-includes HTTP/2.0" 409 83 "https://test.ovochi.com/1767164903.M227000P277058.box2010.bluehost.com,S=22932,W=23285:2,S?p=Ahome1Aimmorth6Apublic_htmlAwebsite_8f025ff1AoldAwp-includes" "Mozilla/5.0 AppleWebKit/537.36 (KHTML, like Gecko; compatible; GPTBot/1.4; +https://openai.com/gptbot)" test.ovochi.com 74.220.219.162
216.73.217.18 - - [11/Aug/2026:07:23:29 -0600] "GET /?edit=setup.php&p=Ahome1Aimmorth6AwwwAwp-adminAnetwork HTTP/2.0" 409 83 "-" "Mozilla/5.0 AppleWebKit/537.36 (KHTML, like Gecko; compatible; ClaudeBot/1.0; +claudebot@anthropic.com)" test.ovochi.com 74.220.219.162
216.73.217.18 - - [11/Aug/2026:07:23:34 -0600] "GET /image-edit.js?edit=admin-post.php&p=Ahome1Aimmorth6Apublic_htmlAimmortalconstAwp-admin HTTP/2.0" 409 83 "-" "Mozilla/5.0 AppleWebKit/537.36 (KHTML, like Gecko; compatible; ClaudeBot/1.0; +claudebot@anthropic.com)" test.ovochi.com 74.220.219.162
216.73.217.18 - - [11/Aug/2026:07:23:39 -0600] "GET /server-side-render.js?edit=wp-trackback.php&p=Ahome1Aimmorth6Apublic_html HTTP/2.0" 409 83 "-" "Mozilla/5.0 AppleWebKit/537.36 (KHTML, like Gecko; compatible; ClaudeBot/1.0; +claudebot@anthropic.com)" test.ovochi.com 74.220.219.162
216.73.217.18 - - [11/Aug/2026:07:23:44 -0600] "GET /wp-pointer.min.css?edit=class-phpass.php&p=Ahome1Aimmorth6Apublic_htmlAtest-ovochi-comAwp-includes HTTP/2.0" 409 83 "-" "Mozilla/5.0 AppleWebKit/537.36 (KHTML, like Gecko; compatible; ClaudeBot/1.0; +claudebot@anthropic.com)" test.ovochi.com 74.220.219.162
74.7.242.19 - - [11/Aug/2026:07:23:44 -0600] "GET /post-edit-terms.js?p=Ahome1Aimmorth6AwwwAwp-includesAblocksAnavigation-overlay-close HTTP/2.0" 200 1935 "https://www.test.ovochi.com/post-edit-terms.js?p=Ahome1Aimmorth6AwwwAwp-includesAblocks" "Mozilla/5.0 AppleWebKit/537.36 (KHTML, like Gecko; compatible; GPTBot/1.4; +https://openai.com/gptbot)" www.test.ovochi.com 74.220.219.162
216.73.217.18 - - [11/Aug/2026:07:23:49 -0600] "GET /?edit=post.php&p=Ahome1Aimmorth6Apublic_htmlAtestAwp-admin HTTP/2.0" 409 83 "-" "Mozilla/5.0 AppleWebKit/537.36 (KHTML, like Gecko; compatible; ClaudeBot/1.0; +claudebot@anthropic.com)" test.ovochi.com 74.220.219.162
216.73.217.18 - - [11/Aug/2026:07:23:55 -0600] "GET /image-edit.js?edit=theme-editor.php&p=Ahome1Aimmorth6Apublic_htmlAimmortalconstAwp-admin HTTP/2.0" 409 83 "-" "Mozilla/5.0 AppleWebKit/537.36 (KHTML, like Gecko; compatible; ClaudeBot/1.0; +claudebot@anthropic.com)" test.ovochi.com 74.220.219.162
216.73.217.18 - - [11/Aug/2026:07:23:59 -0600] "GET /wp-pointer.min.css?edit=class-wp-date-query.php&p=Ahome1Aimmorth6Apublic_htmlAtest-ovochi-comAwp-includes HTTP/2.0" 409 83 "-" "Mozilla/5.0 AppleWebKit/537.36 (KHTML, like Gecko; compatible; ClaudeBot/1.0; +claudebot@anthropic.com)" test.ovochi.com 74.220.219.162
216.73.217.18 - - [11/Aug/2026:07:24:04 -0600] "GET /comment.min.js?edit=site-editor.php&p=Ahome1Aimmorth6Apublic_htmlAwp-admin HTTP/2.0" 409 83 "-" "Mozilla/5.0 AppleWebKit/537.36 (KHTML, like Gecko; compatible; ClaudeBot/1.0; +claudebot@anthropic.com)" test.ovochi.com 74.220.219.162
216.73.217.18 - - [11/Aug/2026:07:24:09 -0600] "GET /mohammed@ovochi.com_default_webmail_app?edit=admin-ar.l10n.php&p=Ahome1Aimmorth6Apublic_htmlAwp-contentAlanguages HTTP/2.0" 409 83 "-" "Mozilla/5.0 AppleWebKit/537.36 (KHTML, like Gecko; compatible; ClaudeBot/1.0; +claudebot@anthropic.com)" test.ovochi.com 74.220.219.162
216.73.217.18 - - [11/Aug/2026:07:24:14 -0600] "GET /?edit=bookmark.php&p=Ahome1Aimmorth6Apublic_htmlAtestAwp-adminAincludes HTTP/2.0" 409 83 "-" "Mozilla/5.0 AppleWebKit/537.36 (KHTML, like Gecko; compatible; ClaudeBot/1.0; +claudebot@anthropic.com)" test.ovochi.com 74.220.219.162
216.73.217.18 - - [11/Aug/2026:07:24:19 -0600] "GET /comment.min.js?edit=ms-edit.php&p=Ahome1Aimmorth6Apublic_htmlAwp-admin HTTP/2.0" 409 83 "-" "Mozilla/5.0 AppleWebKit/537.36 (KHTML, like Gecko; compatible; ClaudeBot/1.0; +claudebot@anthropic.com)" test.ovochi.com 74.220.219.162
216.73.217.18 - - [11/Aug/2026:07:24:24 -0600] "GET /?edit=query-large-title-posts.php&p=Ahome1Aimmorth6AwwwAtestAwp-includesAblock-patterns HTTP/2.0" 409 83 "-" "Mozilla/5.0 AppleWebKit/537.36 (KHTML, like Gecko; compatible; ClaudeBot/1.0; +claudebot@anthropic.com)" test.ovochi.com 74.220.219.162
74.7.242.42 - - [11/Aug/2026:07:24:27 -0600] "GET /1719124898.M742977P808049.box2010.bluehost.com,S=53842,W=54888:2,S?edit=template-canvas.php&p=Ahome1Aimmorth6Apublic_htmlAwebsite_efd5428fAwp-includes HTTP/2.0" 409 83 "https://test.ovochi.com/1719124898.M742977P808049.box2010.bluehost.com,S=53842,W=54888:2,S?p=Ahome1Aimmorth6Apublic_htmlAwebsite_efd5428fAwp-includes" "Mozilla/5.0 AppleWebKit/537.36 (KHTML, like Gecko; compatible; GPTBot/1.4; +https://openai.com/gptbot)" test.ovochi.com 74.220.219.162
216.73.217.18 - - [11/Aug/2026:07:24:29 -0600] "GET /defaultdirdomain?edit=class-wp-theme-json-schema.php&p=Ahome1Aimmorth6Apublic_htmlAwp-includes HTTP/2.0" 409 83 "-" "Mozilla/5.0 AppleWebKit/537.36 (KHTML, like Gecko; compatible; ClaudeBot/1.0; +claudebot@anthropic.com)" test.ovochi.com 74.220.219.162
216.73.217.18 - - [11/Aug/2026:07:24:34 -0600] "GET /DSC_3730.jpg HTTP/2.0" 200 1734 "-" "Mozilla/5.0 AppleWebKit/537.36 (KHTML, like Gecko; compatible; ClaudeBot/1.0; +claudebot@anthropic.com)" test.ovochi.com 74.220.219.162
216.73.217.18 - - [11/Aug/2026:07:24:39 -0600] "GET /wp-pointer.min.css?p=Ahome1Aimmorth6Apublic_htmlAtest-ovochi-comAwp-includesAbuild HTTP/2.0" 200 42819 "-" "Mozilla/5.0 AppleWebKit/537.36 (KHTML, like Gecko; compatible; ClaudeBot/1.0; +claudebot@anthropic.com)" test.ovochi.com 74.220.219.162
216.73.217.18 - - [11/Aug/2026:07:24:44 -0600] "GET /defaultdirdomain?edit=class-phpass.php&p=Ahome1Aimmorth6Apublic_htmlAwp-includes HTTP/2.0" 409 83 "-" "Mozilla/5.0 AppleWebKit/537.36 (KHTML, like Gecko; compatible; ClaudeBot/1.0; +claudebot@anthropic.com)" test.ovochi.com 74.220.219.162
216.73.217.18 - - [11/Aug/2026:07:24:49 -0600] "GET /image-edit.js?edit=class-wp-embed.php&p=Ahome1Aimmorth6Apublic_htmlAtestAwp-includes HTTP/2.0" 409 83 "-" "Mozilla/5.0 AppleWebKit/537.36 (KHTML, like Gecko; compatible; ClaudeBot/1.0; +claudebot@anthropic.com)" test.ovochi.com 74.220.219.162
74.7.242.19 - - [11/Aug/2026:07:24:50 -0600] "GET /post-excerpt.svg?edit=index.php&p=Ahome1Aimmorth6AwwwAwearmoda HTTP/2.0" 409 83 "https://www.test.ovochi.com/post-excerpt.svg?p=Ahome1Aimmorth6AwwwAwearmoda" "Mozilla/5.0 AppleWebKit/537.36 (KHTML, like Gecko; compatible; GPTBot/1.4; +https://openai.com/gptbot)" www.test.ovochi.com 74.220.219.162
216.73.217.18 - - [11/Aug/2026:07:24:56 -0600] "GET /care@ovochi.com_default_webmail_app?edit=wp-comments-post.php&p=Ahome1Aimmorth6Apublic_htmlAhi HTTP/2.0" 409 83 "-" "Mozilla/5.0 AppleWebKit/537.36 (KHTML, like Gecko; compatible; ClaudeBot/1.0; +claudebot@anthropic.com)" test.ovochi.com 74.220.219.162
74.220.219.162 - - [11/Aug/2026:07:25:01 -0600] "POST /wp-cron.php?doing_wp_cron=1786454701.9134969711303710937500 HTTP/1.1" 200 - "-" "WordPress/7.0.2; https://test.ovochi.com" test.ovochi.com 74.220.219.162
216.73.217.18 - - [11/Aug/2026:07:25:01 -0600] "GET /readme.txt?p=Ahome1 HTTP/1.1" 200 41992 "-" "Mozilla/5.0 AppleWebKit/537.36 (KHTML, like Gecko; compatible; ClaudeBot/1.0; +claudebot@anthropic.com)" test.ovochi.com 74.220.219.162
216.73.217.18 - - [11/Aug/2026:07:25:01 -0600] "GET /readme.txt?p=Ahome1 HTTP/2.0" 200 41992 "-" "Mozilla/5.0 AppleWebKit/537.36 (KHTML, like Gecko; compatible; ClaudeBot/1.0; +claudebot@anthropic.com)" test.ovochi.com 74.220.219.162
216.73.217.18 - - [11/Aug/2026:07:25:06 -0600] "GET /comment.min.js?edit=privacy.php&p=Ahome1Aimmorth6Apublic_htmlAwp-admin HTTP/2.0" 409 83 "-" "Mozilla/5.0 AppleWebKit/537.36 (KHTML, like Gecko; compatible; ClaudeBot/1.0; +claudebot@anthropic.com)" test.ovochi.com 74.220.219.162
216.73.217.18 - - [11/Aug/2026:07:25:11 -0600] "GET /customize-nav-menus.min.css?edit=link.php&p=Ahome1Aimmorth6Apublic_htmlAwp-admin HTTP/2.0" 409 83 "-" "Mozilla/5.0 AppleWebKit/537.36 (KHTML, like Gecko; compatible; ClaudeBot/1.0; +claudebot@anthropic.com)" test.ovochi.com 74.220.219.162
216.73.217.18 - - [11/Aug/2026:07:25:16 -0600] "GET /image-edit.js?edit=ms-admin.php&p=Ahome1Aimmorth6Apublic_htmlAimmortalconstAwp-admin HTTP/2.0" 409 83 "-" "Mozilla/5.0 AppleWebKit/537.36 (KHTML, like Gecko; compatible; ClaudeBot/1.0; +claudebot@anthropic.com)" test.ovochi.com 74.220.219.162
216.73.217.18 - - [11/Aug/2026:07:25:21 -0600] "GET /defaultdirdomain?edit=51.php&p=Ahome1Aimmorth6Apublic_htmlAwp-includesAtheme-compat HTTP/2.0" 409 83 "-" "Mozilla/5.0 AppleWebKit/537.36 (KHTML, like Gecko; compatible; ClaudeBot/1.0; +claudebot@anthropic.com)" test.ovochi.com 74.220.219.162
216.73.217.18 - - [11/Aug/2026:07:25:26 -0600] "GET /image-edit.js?edit=comment.php&p=Ahome1Aimmorth6Apublic_htmlAimmortalconstAwp-admin HTTP/2.0" 409 83 "-" "Mozilla/5.0 AppleWebKit/537.36 (KHTML, like Gecko; compatible; ClaudeBot/1.0; +claudebot@anthropic.com)" test.ovochi.com 74.220.219.162
74.7.242.42 - - [11/Aug/2026:07:25:30 -0600] "GET /1778610067.M289776P40824.box2010.bluehost.com,S=438758,W=444854:2,S?edit=pluggable-deprecated.php&p=Ahome1Aimmorth6Apublic_htmlAwebsite_8f025ff1Awp-includes HTTP/2.0" 409 83 "https://test.ovochi.com/1778610067.M289776P40824.box2010.bluehost.com,S=438758,W=444854:2,S?p=Ahome1Aimmorth6Apublic_htmlAwebsite_8f025ff1Awp-includes" "Mozilla/5.0 AppleWebKit/537.36 (KHTML, like Gecko; compatible; GPTBot/1.4; +https://openai.com/gptbot)" test.ovochi.com 74.220.219.162
216.73.217.18 - - [11/Aug/2026:07:25:31 -0600] "GET /wp-admin.css?edit=.htaccess.no_htaccess.phpupgrader&p=Ahome1Aimmorth6Apublic_html HTTP/2.0" 409 83 "-" "Mozilla/5.0 AppleWebKit/537.36 (KHTML, like Gecko; compatible; ClaudeBot/1.0; +claudebot@anthropic.com)" test.ovochi.com 74.220.219.162
216.73.217.18 - - [11/Aug/2026:07:25:36 -0600] "GET /?edit=code-editor-rtl.css&p=Ahome1Aimmorth6AwwwAnaelAwp-adminAcss HTTP/2.0" 200 42399 "-" "Mozilla/5.0 AppleWebKit/537.36 (KHTML, like Gecko; compatible; ClaudeBot/1.0; +claudebot@anthropic.com)" test.ovochi.com 74.220.219.162
216.73.217.18 - - [11/Aug/2026:07:25:41 -0600] "GET /operation.manager.rcube.db.1784101421?p=Ahome1Aimmorth6 HTTP/1.1" 200 55656 "-" "Mozilla/5.0 AppleWebKit/537.36 (KHTML, like Gecko; compatible; ClaudeBot/1.0; +claudebot@anthropic.com)" test.ovochi.com 74.220.219.162
216.73.217.18 - - [11/Aug/2026:07:25:41 -0600] "GET /operation.manager.rcube.db.1784101421?p=Ahome1Aimmorth6 HTTP/2.0" 200 55656 "-" "Mozilla/5.0 AppleWebKit/537.36 (KHTML, like Gecko; compatible; ClaudeBot/1.0; +claudebot@anthropic.com)" test.ovochi.com 74.220.219.162
216.73.217.18 - - [11/Aug/2026:07:25:46 -0600] "GET /?edit=class-wp-image-editor-imagick.php&p=Ahome1Aimmorth6Apublic_htmlAwp-includes HTTP/2.0" 409 83 "-" "Mozilla/5.0 AppleWebKit/537.36 (KHTML, like Gecko; compatible; ClaudeBot/1.0; +claudebot@anthropic.com)" test.ovochi.com 74.220.219.162
74.7.242.19 - - [11/Aug/2026:07:25:46 -0600] "GET /post-edit-terms.js?p=Ahome1Aimmorth6AwwwAtest-ovochi-comAcgi-binAcgi-binAcgi-bin HTTP/2.0" 200 2203 "https://www.test.ovochi.com/post-edit-terms.js?p=Ahome1Aimmorth6AwwwAtest-ovochi-comAcgi-binAcgi-bin" "Mozilla/5.0 AppleWebKit/537.36 (KHTML, like Gecko; compatible; GPTBot/1.4; +https://openai.com/gptbot)" www.test.ovochi.com 74.220.219.162
216.73.217.18 - - [11/Aug/2026:07:25:51 -0600] "GET /awstats092020.wear-moda.immortal-const.com.txt HTTP/1.1" 200 1734 "-" "Mozilla/5.0 AppleWebKit/537.36 (KHTML, like Gecko; compatible; ClaudeBot/1.0; +claudebot@anthropic.com)" test.ovochi.com 74.220.219.162
216.73.217.18 - - [11/Aug/2026:07:25:51 -0600] "GET /awstats092020.wear-moda.immortal-const.com.txt HTTP/2.0" 200 1734 "-" "Mozilla/5.0 AppleWebKit/537.36 (KHTML, like Gecko; compatible; ClaudeBot/1.0; +claudebot@anthropic.com)" test.ovochi.com 74.220.219.162
216.73.217.18 - - [11/Aug/2026:07:25:57 -0600] "GET /?edit=wp-pointer.css&p=Ahome1Aimmorth6Apublic_htmlAkhaled_backupAwp-includesAcss HTTP/2.0" 200 1964 "-" "Mozilla/5.0 AppleWebKit/537.36 (KHTML, like Gecko; compatible; ClaudeBot/1.0; +claudebot@anthropic.com)" www.test.ovochi.com 74.220.219.162
216.73.217.18 - - [11/Aug/2026:07:26:02 -0600] "GET /customize-controls-rtl.min.css?p=Ahome1Aimmorth6AtmpAsimplescripts HTTP/2.0" 200 1210 "-" "Mozilla/5.0 AppleWebKit/537.36 (KHTML, like Gecko; compatible; ClaudeBot/1.0; +claudebot@anthropic.com)" www.test.ovochi.com 74.220.219.162
216.73.217.18 - - [11/Aug/2026:07:26:07 -0600] "GET /?edit=code-editor.js&p=Ahome1Aimmorth6Apublic_htmlAkhaled_backupAwp-adminAjs HTTP/2.0" 200 4741 "-" "Mozilla/5.0 AppleWebKit/537.36 (KHTML, like Gecko; compatible; ClaudeBot/1.0; +claudebot@anthropic.com)" www.test.ovochi.com 74.220.219.162
216.73.217.18 - - [11/Aug/2026:07:26:12 -0600] "GET /?edit=class-wp-plugin-dependencies.php&p=Ahome1Aimmorth6Apublic_htmlAwp-includes HTTP/2.0" 409 83 "-" "Mozilla/5.0 AppleWebKit/537.36 (KHTML, like Gecko; compatible; ClaudeBot/1.0; +claudebot@anthropic.com)" www.test.ovochi.com 74.220.219.162
216.73.217.18 - - [11/Aug/2026:07:26:17 -0600] "GET /code-editor.css?p=Ahome1Aimmorth6Apublic_htmlAtest-ovochi-comAwp-contentAmu-plugins HTTP/2.0" 200 1734 "-" "Mozilla/5.0 AppleWebKit/537.36 (KHTML, like Gecko; compatible; ClaudeBot/1.0; +claudebot@anthropic.com)" www.test.ovochi.com 74.220.219.162
216.73.217.18 - - [11/Aug/2026:07:26:22 -0600] "GET /?edit=embed-template.php&p=Ahome1Aimmorth6Apublic_htmlAwp-includes HTTP/2.0" 409 83 "-" "Mozilla/5.0 AppleWebKit/537.36 (KHTML, like Gecko; compatible; ClaudeBot/1.0; +claudebot@anthropic.com)" www.test.ovochi.com 74.220.219.162
216.73.217.18 - - [11/Aug/2026:07:26:27 -0600] "GET /info@immortal-tech.net.pref?edit=class-wp-customize-media-control.php&p=Ahome1Aimmorth6Apublic_htmlAwp-includesAcustomize HTTP/2.0" 409 83 "-" "Mozilla/5.0 AppleWebKit/537.36 (KHTML, like Gecko; compatible; ClaudeBot/1.0; +claudebot@anthropic.com)" www.test.ovochi.com 74.220.219.162
216.73.217.18 - - [11/Aug/2026:07:26:32 -0600] "GET /f3d?edit=object-cache.php&p=Ahome1Aimmorth6Apublic_htmlAwp-content HTTP/2.0" 409 83 "-" "Mozilla/5.0 AppleWebKit/537.36 (KHTML, like Gecko; compatible; ClaudeBot/1.0; +claudebot@anthropic.com)" www.test.ovochi.com 74.220.219.162
74.7.242.42 - - [11/Aug/2026:07:26:35 -0600] "GET /1765959614.M277263P599942.box2010.bluehost.com,S=73377,W=74454:2,?edit=class-requests.php&p=Ahome1Aimmorth6Apublic_htmlAwebsite_cbafa9b6Awp-includes HTTP/2.0" 409 83 "https://test.ovochi.com/1765959614.M277263P599942.box2010.bluehost.com,S=73377,W=74454:2,?p=Ahome1Aimmorth6Apublic_htmlAwebsite_cbafa9b6Awp-includes" "Mozilla/5.0 AppleWebKit/537.36 (KHTML, like Gecko; compatible; GPTBot/1.4; +https://openai.com/gptbot)" test.ovochi.com 74.220.219.162
216.73.217.18 - - [11/Aug/2026:07:26:37 -0600] "GET /backbone.min.js?p=Ahome1 HTTP/2.0" 200 885 "-" "Mozilla/5.0 AppleWebKit/537.36 (KHTML, like Gecko; compatible; ClaudeBot/1.0; +claudebot@anthropic.com)" www.test.ovochi.com 74.220.219.162
216.73.217.18 - - [11/Aug/2026:07:26:42 -0600] "GET /info@immortal-tech.net.pref?edit=class-wp-customize-new-menu-control.php&p=Ahome1Aimmorth6Apublic_htmlAwp-includesAcustomize HTTP/2.0" 409 83 "-" "Mozilla/5.0 AppleWebKit/537.36 (KHTML, like Gecko; compatible; ClaudeBot/1.0; +claudebot@anthropic.com)" www.test.ovochi.com 74.220.219.162
216.73.217.18 - - [11/Aug/2026:07:26:47 -0600] "GET /customize-nav-menus.css?p=Ahome1 HTTP/2.0" 200 885 "-" "Mozilla/5.0 AppleWebKit/537.36 (KHTML, like Gecko; compatible; ClaudeBot/1.0; +claudebot@anthropic.com)" www.test.ovochi.com 74.220.219.162
74.7.242.19 - - [11/Aug/2026:07:26:51 -0600] "GET /class.installer.state.php HTTP/2.0" 409 83 "https://www.test.ovochi.com/post-excerpt.svg?p=Ahome1Aimmorth6AwwwAwearmodaAwp-contentApluginsAduplicatorAinstallerAdup-installerAclasses" "Mozilla/5.0 AppleWebKit/537.36 (KHTML, like Gecko; compatible; GPTBot/1.4; +https://openai.com/gptbot)" www.test.ovochi.com 74.220.219.162
216.73.217.18 - - [11/Aug/2026:07:26:52 -0600] "GET /immortal-designs-net.immortal-const.com-ssl_log HTTP/1.1" 200 1734 "-" "Mozilla/5.0 AppleWebKit/537.36 (KHTML, like Gecko; compatible; ClaudeBot/1.0; +claudebot@anthropic.com)" www.test.ovochi.com 74.220.219.162
216.73.217.18 - - [11/Aug/2026:07:26:52 -0600] "GET /immortal-designs-net.immortal-const.com-ssl_log HTTP/2.0" 200 1734 "-" "Mozilla/5.0 AppleWebKit/537.36 (KHTML, like Gecko; compatible; ClaudeBot/1.0; +claudebot@anthropic.com)" www.test.ovochi.com 74.220.219.162
216.73.217.18 - - [11/Aug/2026:07:26:57 -0600] "GET /info@immortal-tech.net.pref?edit=class-wp-abilities-registry.php&p=Ahome1Aimmorth6Apublic_htmlAwp-includesAabilities-api HTTP/2.0" 409 83 "-" "Mozilla/5.0 AppleWebKit/537.36 (KHTML, like Gecko; compatible; ClaudeBot/1.0; +claudebot@anthropic.com)" www.test.ovochi.com 74.220.219.162
216.73.217.18 - - [11/Aug/2026:07:27:02 -0600] "GET /?edit=class-wp-fatal-error-handler.php&p=Ahome1Aimmorth6Apublic_htmlAwp-includes HTTP/2.0" 409 83 "-" "Mozilla/5.0 AppleWebKit/537.36 (KHTML, like Gecko; compatible; ClaudeBot/1.0; +claudebot@anthropic.com)" www.test.ovochi.com 74.220.219.162
216.73.217.18 - - [11/Aug/2026:07:27:07 -0600] "GET /tmpfiles.1781123744?edit=class-wp-http.php&p=Ahome1Aimmorth6Apublic_htmlAwp-includes HTTP/2.0" 409 83 "-" "Mozilla/5.0 AppleWebKit/537.36 (KHTML, like Gecko; compatible; ClaudeBot/1.0; +claudebot@anthropic.com)" www.test.ovochi.com 74.220.219.162
216.73.217.18 - - [11/Aug/2026:07:27:12 -0600] "GET /tmpfiles.1781123744?edit=atomlib.php&p=Ahome1Aimmorth6Apublic_htmlAwp-includes HTTP/2.0" 409 83 "-" "Mozilla/5.0 AppleWebKit/537.36 (KHTML, like Gecko; compatible; ClaudeBot/1.0; +claudebot@anthropic.com)" www.test.ovochi.com 74.220.219.162
216.73.217.18 - - [11/Aug/2026:07:27:17 -0600] "GET /?edit=class-wpdb.php&p=Ahome1Aimmorth6Apublic_htmlAwp-includes HTTP/2.0" 409 83 "-" "Mozilla/5.0 AppleWebKit/537.36 (KHTML, like Gecko; compatible; ClaudeBot/1.0; +claudebot@anthropic.com)" www.test.ovochi.com 74.220.219.162
74.220.219.162 - - [11/Aug/2026:07:27:23 -0600] "POST /wp-cron.php?doing_wp_cron=1786454843.1713519096374511718750 HTTP/1.1" 200 - "-" "WordPress/7.0.2; https://test.ovochi.com" test.ovochi.com 74.220.219.162
216.73.217.18 - - [11/Aug/2026:07:27:22 -0600] "GET /?edit=editor.css&p=Ahome1Aimmorth6Apublic_htmlAwp-includesAblocksAseparator HTTP/2.0" 200 816 "-" "Mozilla/5.0 AppleWebKit/537.36 (KHTML, like Gecko; compatible; ClaudeBot/1.0; +claudebot@anthropic.com)" www.test.ovochi.com 74.220.219.162
216.73.217.18 - - [11/Aug/2026:07:27:27 -0600] "GET /info@immortal-tech.net.pref?edit=class-wp-application-passwords.php&p=Ahome1Aimmorth6Apublic_htmlAwp-includes HTTP/2.0" 409 83 "-" "Mozilla/5.0 AppleWebKit/537.36 (KHTML, like Gecko; compatible; ClaudeBot/1.0; +claudebot@anthropic.com)" www.test.ovochi.com 74.220.219.162
216.73.217.18 - - [11/Aug/2026:07:27:32 -0600] "GET /?edit=load-scripts.php&p=Ahome1Aimmorth6Apublic_htmlAimmortalsignAwp-admin HTTP/2.0" 409 83 "-" "Mozilla/5.0 AppleWebKit/537.36 (KHTML, like Gecko; compatible; ClaudeBot/1.0; +claudebot@anthropic.com)" www.test.ovochi.com 74.220.219.162
74.7.242.42 - - [11/Aug/2026:07:27:36 -0600] "GET /1719124898.M742977P808049.box2010.bluehost.com,S=53842,W=54888:2,S?edit=bookmark-template.php&p=Ahome1Aimmorth6Apublic_htmlAwebsite_efd5428fAwp-includes HTTP/2.0" 409 83 "https://test.ovochi.com/1719124898.M742977P808049.box2010.bluehost.com,S=53842,W=54888:2,S?p=Ahome1Aimmorth6Apublic_htmlAwebsite_efd5428fAwp-includes" "Mozilla/5.0 AppleWebKit/537.36 (KHTML, like Gecko; compatible; GPTBot/1.4; +https://openai.com/gptbot)" test.ovochi.com 74.220.219.162
216.73.217.18 - - [11/Aug/2026:07:27:38 -0600] "GET /tmpfiles.1781123744?edit=readonly.php&p=Ahome1Aimmorth6Apublic_htmlAwp-includesAphp-compat HTTP/2.0" 409 83 "-" "Mozilla/5.0 AppleWebKit/537.36 (KHTML, like Gecko; compatible; ClaudeBot/1.0; +claudebot@anthropic.com)" www.test.ovochi.com 74.220.219.162
216.73.217.18 - - [11/Aug/2026:07:27:42 -0600] "GET /1dc?edit=admin-functions.php&p=Ahome1Aimmorth6Apublic_htmlAwp-admin HTTP/2.0" 409 83 "-" "Mozilla/5.0 AppleWebKit/537.36 (KHTML, like Gecko; compatible; ClaudeBot/1.0; +claudebot@anthropic.com)" www.test.ovochi.com 74.220.219.162
74.7.242.19 - - [11/Aug/2026:07:27:46 -0600] "GET /onepage-restaurant-slider-03-01.png HTTP/2.0" 200 1734 "https://www.test.ovochi.com/78894803_166881791369881_354551444365377536_o-300x300.jpg?p=Ahome1Aimmorth6Apublic_htmlAbakupimmortal-designsInetAwp-contentAuploadsArevslider" "Mozilla/5.0 AppleWebKit/537.36 (KHTML, like Gecko; compatible; GPTBot/1.4; +https://openai.com/gptbot)" www.test.ovochi.com 74.220.219.162
216.73.217.18 - - [11/Aug/2026:07:27:47 -0600] "GET /info@immortal-tech.net.pref?edit=block-editor.php&p=Ahome1Aimmorth6AwwwAwp-includes HTTP/2.0" 409 83 "-" "Mozilla/5.0 AppleWebKit/537.36 (KHTML, like Gecko; compatible; ClaudeBot/1.0; +claudebot@anthropic.com)" www.test.ovochi.com 74.220.219.162
216.73.217.18 - - [11/Aug/2026:07:27:52 -0600] "GET /?edit=plugin-editor.php&p=Ahome1Aimmorth6Apublic_htmlAimmortalsignAwp-admin HTTP/2.0" 409 83 "-" "Mozilla/5.0 AppleWebKit/537.36 (KHTML, like Gecko; compatible; ClaudeBot/1.0; +claudebot@anthropic.com)" www.test.ovochi.com 74.220.219.162
216.73.217.18 - - [11/Aug/2026:07:27:57 -0600] "GET /info@immortal-tech.net.pref?p=Ahome1Aimmorth6Apublic_htmlAwp-includesARequests HTTP/1.1" 200 1280 "-" "Mozilla/5.0 AppleWebKit/537.36 (KHTML, like Gecko; compatible; ClaudeBot/1.0; +claudebot@anthropic.com)" www.test.ovochi.com 74.220.219.162
216.73.217.18 - - [11/Aug/2026:07:27:57 -0600] "GET /info@immortal-tech.net.pref?p=Ahome1Aimmorth6Apublic_htmlAwp-includesARequests HTTP/2.0" 200 1280 "-" "Mozilla/5.0 AppleWebKit/537.36 (KHTML, like Gecko; compatible; ClaudeBot/1.0; +claudebot@anthropic.com)" www.test.ovochi.com 74.220.219.162
216.73.217.18 - - [11/Aug/2026:07:28:02 -0600] "GET /info@immortal-tech.net.pref?edit=class-wp-block-list.php&p=Ahome1Aimmorth6Apublic_htmlAwp-includes HTTP/2.0" 409 83 "-" "Mozilla/5.0 AppleWebKit/537.36 (KHTML, like Gecko; compatible; ClaudeBot/1.0; +claudebot@anthropic.com)" www.test.ovochi.com 74.220.219.162
216.73.217.18 - - [11/Aug/2026:07:28:07 -0600] "GET /tmpfiles.1781123744?edit=script-modules-packages.php&p=Ahome1Aimmorth6Apublic_htmlAwp-includesAassets HTTP/2.0" 409 83 "-" "Mozilla/5.0 AppleWebKit/537.36 (KHTML, like Gecko; compatible; ClaudeBot/1.0; +claudebot@anthropic.com)" www.test.ovochi.com 74.220.219.162
216.73.217.18 - - [11/Aug/2026:07:28:12 -0600] "GET /info@immortal-tech.net.pref?edit=bookmark-template.php&p=Ahome1Aimmorth6Apublic_htmlAwp-includes HTTP/2.0" 409 83 "-" "Mozilla/5.0 AppleWebKit/537.36 (KHTML, like Gecko; compatible; ClaudeBot/1.0; +claudebot@anthropic.com)" www.test.ovochi.com 74.220.219.162
216.73.217.18 - - [11/Aug/2026:07:28:17 -0600] "GET /?edit=class-wp-dependency.php&p=Ahome1Aimmorth6Apublic_htmlAwp-includes HTTP/2.0" 409 83 "-" "Mozilla/5.0 AppleWebKit/537.36 (KHTML, like Gecko; compatible; ClaudeBot/1.0; +claudebot@anthropic.com)" www.test.ovochi.com 74.220.219.162
216.73.217.18 - - [11/Aug/2026:07:28:22 -0600] "GET /?edit=widgets.php&p=Ahome1Aimmorth6Apublic_htmlAwp-includes HTTP/2.0" 409 83 "-" "Mozilla/5.0 AppleWebKit/537.36 (KHTML, like Gecko; compatible; ClaudeBot/1.0; +claudebot@anthropic.com)" www.test.ovochi.com 74.220.219.162
216.73.217.18 - - [11/Aug/2026:07:28:27 -0600] "GET /info@immortal-tech.net.pref?edit=taxonomy.php&p=Ahome1Aimmorth6Apublic_htmlAwp-includes HTTP/2.0" 409 83 "-" "Mozilla/5.0 AppleWebKit/537.36 (KHTML, like Gecko; compatible; ClaudeBot/1.0; +claudebot@anthropic.com)" www.test.ovochi.com 74.220.219.162
216.73.217.18 - - [11/Aug/2026:07:28:32 -0600] "GET /?edit=class-wp-xmlrpc-server.php&p=Ahome1Aimmorth6Apublic_htmlAwp-includes HTTP/2.0" 409 83 "-" "Mozilla/5.0 AppleWebKit/537.36 (KHTML, like Gecko; compatible; ClaudeBot/1.0; +claudebot@anthropic.com)" www.test.ovochi.com 74.220.219.162
74.7.242.42 - - [11/Aug/2026:07:28:37 -0600] "GET /1746867000.M690825P988112.box2010.bluehost.com,S=90522,W=91788:2,S?edit=ms-deprecated.php&p=Ahome1Aimmorth6Apublic_htmlAwebsite_8f025ff1AoldAwp-includes HTTP/2.0" 409 83 "https://test.ovochi.com/1746867000.M690825P988112.box2010.bluehost.com,S=90522,W=91788:2,S?p=Ahome1Aimmorth6Apublic_htmlAwebsite_8f025ff1AoldAwp-includes" "Mozilla/5.0 AppleWebKit/537.36 (KHTML, like Gecko; compatible; GPTBot/1.4; +https://openai.com/gptbot)" test.ovochi.com 74.220.219.162
216.73.217.18 - - [11/Aug/2026:07:28:37 -0600] "GET /tmpfiles.1781123744?edit=cache.php&p=Ahome1Aimmorth6Apublic_htmlAwp-includes HTTP/2.0" 409 83 "-" "Mozilla/5.0 AppleWebKit/537.36 (KHTML, like Gecko; compatible; ClaudeBot/1.0; +claudebot@anthropic.com)" www.test.ovochi.com 74.220.219.162
216.73.217.18 - - [11/Aug/2026:07:28:42 -0600] "GET /2b2?edit=users.php&p=Ahome1Aimmorth6Apublic_htmlAwp-admin HTTP/2.0" 409 83 "-" "Mozilla/5.0 AppleWebKit/537.36 (KHTML, like Gecko; compatible; ClaudeBot/1.0; +claudebot@anthropic.com)" www.test.ovochi.com 74.220.219.162
216.73.217.18 - - [11/Aug/2026:07:28:47 -0600] "GET /?edit=class-wp-token-map.php&p=Ahome1Aimmorth6Apublic_htmlAwp-includes HTTP/2.0" 409 83 "-" "Mozilla/5.0 AppleWebKit/537.36 (KHTML, like Gecko; compatible; ClaudeBot/1.0; +claudebot@anthropic.com)" www.test.ovochi.com 74.220.219.162
74.7.242.19 - - [11/Aug/2026:07:28:49 -0600] "GET /onepage-restaurant-slider-02-03.png HTTP/2.0" 200 1734 "https://www.test.ovochi.com/78894803_166881791369881_354551444365377536_o-300x300.jpg?p=Ahome1Aimmorth6Apublic_htmlAbakupimmortal-designsInetAwp-contentAuploadsArevslider" "Mozilla/5.0 AppleWebKit/537.36 (KHTML, like Gecko; compatible; GPTBot/1.4; +https://openai.com/gptbot)" www.test.ovochi.com 74.220.219.162
216.73.217.18 - - [11/Aug/2026:07:28:54 -0600] "GET /wp-auth-check-rtl.css HTTP/2.0" 200 1734 "-" "Mozilla/5.0 AppleWebKit/537.36 (KHTML, like Gecko; compatible; ClaudeBot/1.0; +claudebot@anthropic.com)" www.test.ovochi.com 74.220.219.162
216.73.217.18 - - [11/Aug/2026:07:28:59 -0600] "GET /media-views.min.css HTTP/2.0" 200 1734 "-" "Mozilla/5.0 AppleWebKit/537.36 (KHTML, like Gecko; compatible; ClaudeBot/1.0; +claudebot@anthropic.com)" www.test.ovochi.com 74.220.219.162
216.73.217.18 - - [11/Aug/2026:07:29:04 -0600] "GET /customize-preview-rtl.min.css HTTP/2.0" 200 1734 "-" "Mozilla/5.0 AppleWebKit/537.36 (KHTML, like Gecko; compatible; ClaudeBot/1.0; +claudebot@anthropic.com)" www.test.ovochi.com 74.220.219.162
216.73.217.18 - - [11/Aug/2026:07:29:09 -0600] "GET /buttons-rtl.min.css HTTP/2.0" 200 1734 "-" "Mozilla/5.0 AppleWebKit/537.36 (KHTML, like Gecko; compatible; ClaudeBot/1.0; +claudebot@anthropic.com)" www.test.ovochi.com 74.220.219.162
216.73.217.18 - - [11/Aug/2026:07:29:14 -0600] "GET /wp-block-template-skip-link.css HTTP/2.0" 200 1734 "-" "Mozilla/5.0 AppleWebKit/537.36 (KHTML, like Gecko; compatible; ClaudeBot/1.0; +claudebot@anthropic.com)" www.test.ovochi.com 74.220.219.162
216.73.217.18 - - [11/Aug/2026:07:29:19 -0600] "GET /admin-network-ar.po HTTP/1.1" 200 1734 "-" "Mozilla/5.0 AppleWebKit/537.36 (KHTML, like Gecko; compatible; ClaudeBot/1.0; +claudebot@anthropic.com)" www.test.ovochi.com 74.220.219.162
216.73.217.18 - - [11/Aug/2026:07:29:19 -0600] "GET /admin-network-ar.po HTTP/2.0" 200 1734 "-" "Mozilla/5.0 AppleWebKit/537.36 (KHTML, like Gecko; compatible; ClaudeBot/1.0; +claudebot@anthropic.com)" www.test.ovochi.com 74.220.219.162
216.73.217.18 - - [11/Aug/2026:07:29:24 -0600] "GET /class-wp-customize-nav-menus.php HTTP/2.0" 409 83 "-" "Mozilla/5.0 AppleWebKit/537.36 (KHTML, like Gecko; compatible; ClaudeBot/1.0; +claudebot@anthropic.com)" www.test.ovochi.com 74.220.219.162
216.73.217.18 - - [11/Aug/2026:07:29:29 -0600] "GET /ivy-menu.com?edit=class-wp-error.php&p=Ahome1Aimmorth6AwwwAwp-includes HTTP/2.0" 409 83 "-" "Mozilla/5.0 AppleWebKit/537.36 (KHTML, like Gecko; compatible; ClaudeBot/1.0; +claudebot@anthropic.com)" test.ovochi.com 74.220.219.162
216.73.217.18 - - [11/Aug/2026:07:29:34 -0600] "GET /user_prefs?edit=atomlib.php&p=Ahome1Aimmorth6Apublic_htmlAwebsite_1f302c4fAwp-includes HTTP/2.0" 409 83 "-" "Mozilla/5.0 AppleWebKit/537.36 (KHTML, like Gecko; compatible; ClaudeBot/1.0; +claudebot@anthropic.com)" test.ovochi.com 74.220.219.162
216.73.217.18 - - [11/Aug/2026:07:29:39 -0600] "GET /?edit=class-phpass.php&p=Ahome1Aimmorth6AwwwAtestAwp-includes HTTP/2.0" 409 83 "-" "Mozilla/5.0 AppleWebKit/537.36 (KHTML, like Gecko; compatible; ClaudeBot/1.0; +claudebot@anthropic.com)" test.ovochi.com 74.220.219.162
74.7.242.42 - - [11/Aug/2026:07:29:40 -0600] "GET /1777870885.M688486P327411.box2010.bluehost.com,S=99854,W=101282:2,S?edit=speculative-loading.php&p=Ahome1Aimmorth6Apublic_htmlAwebsite_d98c9096Awp-includes HTTP/2.0" 409 83 "https://test.ovochi.com/1777870885.M688486P327411.box2010.bluehost.com,S=99854,W=101282:2,S?p=Ahome1Aimmorth6Apublic_htmlAwebsite_d98c9096Awp-includes" "Mozilla/5.0 AppleWebKit/537.36 (KHTML, like Gecko; compatible; GPTBot/1.4; +https://openai.com/gptbot)" test.ovochi.com 74.220.219.162
216.73.217.18 - - [11/Aug/2026:07:29:46 -0600] "GET /jquery.table-hotkeys.js?edit=custom-header.php&p=Ahome1Aimmorth6Apublic_htmlAimmortalconstAwp-admin HTTP/2.0" 409 83 "-" "Mozilla/5.0 AppleWebKit/537.36 (KHTML, like Gecko; compatible; ClaudeBot/1.0; +claudebot@anthropic.com)" test.ovochi.com 74.220.219.162
74.220.219.162 - - [11/Aug/2026:07:29:49 -0600] "POST /wp-cron.php?doing_wp_cron=1786454989.2169659137725830078125 HTTP/1.1" 200 - "-" "WordPress/7.0.2; https://test.ovochi.com" test.ovochi.com 74.220.219.162
74.7.242.19 - - [11/Aug/2026:07:29:48 -0600] "GET /onepage-restaurant-slider-02-05.png HTTP/2.0" 200 1734 "https://www.test.ovochi.com/78894803_166881791369881_354551444365377536_o-300x300.jpg?p=Ahome1Aimmorth6Apublic_htmlAbakupimmortal-designsInetAwp-contentAuploadsArevslider" "Mozilla/5.0 AppleWebKit/537.36 (KHTML, like Gecko; compatible; GPTBot/1.4; +https://openai.com/gptbot)" www.test.ovochi.com 74.220.219.162
216.73.217.18 - - [11/Aug/2026:07:29:49 -0600] "GET /dovecot.index.cache?p=Ahome1Aimmorth6 HTTP/1.1" 200 55656 "-" "Mozilla/5.0 AppleWebKit/537.36 (KHTML, like Gecko; compatible; ClaudeBot/1.0; +claudebot@anthropic.com)" test.ovochi.com 74.220.219.162
216.73.217.18 - - [11/Aug/2026:07:29:49 -0600] "GET /dovecot.index.cache?p=Ahome1Aimmorth6 HTTP/2.0" 200 55656 "-" "Mozilla/5.0 AppleWebKit/537.36 (KHTML, like Gecko; compatible; ClaudeBot/1.0; +claudebot@anthropic.com)" test.ovochi.com 74.220.219.162
216.73.217.18 - - [11/Aug/2026:07:29:54 -0600] "GET /jquery.table-hotkeys.js?p=Ahome1Aimmorth6Apublic_htmlAimmortalconstAwp-includesAwidgets HTTP/2.0" 200 46588 "-" "Mozilla/5.0 AppleWebKit/537.36 (KHTML, like Gecko; compatible; ClaudeBot/1.0; +claudebot@anthropic.com)" test.ovochi.com 74.220.219.162
216.73.217.18 - - [11/Aug/2026:07:30:02 -0600] "GET /tmpfiles.1781123744?edit=class-wp-user-query.php&p=Ahome1Aimmorth6Apublic_htmlAwp-includes HTTP/2.0" 409 83 "-" "Mozilla/5.0 AppleWebKit/537.36 (KHTML, like Gecko; compatible; ClaudeBot/1.0; +claudebot@anthropic.com)" www.test.ovochi.com 74.220.219.162
216.73.217.18 - - [11/Aug/2026:07:30:07 -0600] "GET /info@immortal-tech.net.pref?p=Ahome1Aimmorth6Apublic_htmlAwp-contentApluginsAreally-simple-ssl HTTP/1.1" 200 6473 "-" "Mozilla/5.0 AppleWebKit/537.36 (KHTML, like Gecko; compatible; ClaudeBot/1.0; +claudebot@anthropic.com)" www.test.ovochi.com 74.220.219.162
216.73.217.18 - - [11/Aug/2026:07:30:07 -0600] "GET /info@immortal-tech.net.pref?p=Ahome1Aimmorth6Apublic_htmlAwp-contentApluginsAreally-simple-ssl HTTP/2.0" 200 6473 "-" "Mozilla/5.0 AppleWebKit/537.36 (KHTML, like Gecko; compatible; ClaudeBot/1.0; +claudebot@anthropic.com)" www.test.ovochi.com 74.220.219.162
216.73.217.18 - - [11/Aug/2026:07:30:12 -0600] "GET /?edit=class-wp-rewrite.php&p=Ahome1Aimmorth6Apublic_htmlAwp-includes HTTP/2.0" 409 83 "-" "Mozilla/5.0 AppleWebKit/537.36 (KHTML, like Gecko; compatible; ClaudeBot/1.0; +claudebot@anthropic.com)" www.test.ovochi.com 74.220.219.162
216.73.217.18 - - [11/Aug/2026:07:30:17 -0600] "GET /info@immortal-tech.net.pref?edit=robots-template.php&p=Ahome1Aimmorth6AwwwAwp-includes HTTP/2.0" 409 83 "-" "Mozilla/5.0 AppleWebKit/537.36 (KHTML, like Gecko; compatible; ClaudeBot/1.0; +claudebot@anthropic.com)" www.test.ovochi.com 74.220.219.162
216.73.217.18 - - [11/Aug/2026:07:30:22 -0600] "GET /info@immortal-tech.net.pref?edit=wp-db.php&p=Ahome1Aimmorth6AwwwAwp-includes HTTP/2.0" 409 83 "-" "Mozilla/5.0 AppleWebKit/537.36 (KHTML, like Gecko; compatible; ClaudeBot/1.0; +claudebot@anthropic.com)" www.test.ovochi.com 74.220.219.162
216.73.217.18 - - [11/Aug/2026:07:30:27 -0600] "GET /info@immortal-tech.net.pref?p=Ahome1Aimmorth6Apublic_htmlAwp-contentApluginsArocket-lazy-loadAclasses HTTP/1.1" 200 1015 "-" "Mozilla/5.0 AppleWebKit/537.36 (KHTML, like Gecko; compatible; ClaudeBot/1.0; +claudebot@anthropic.com)" www.test.ovochi.com 74.220.219.162
216.73.217.18 - - [11/Aug/2026:07:30:27 -0600] "GET /info@immortal-tech.net.pref?p=Ahome1Aimmorth6Apublic_htmlAwp-contentApluginsArocket-lazy-loadAclasses HTTP/2.0" 200 1015 "-" "Mozilla/5.0 AppleWebKit/537.36 (KHTML, like Gecko; compatible; ClaudeBot/1.0; +claudebot@anthropic.com)" www.test.ovochi.com 74.220.219.162
216.73.217.18 - - [11/Aug/2026:07:30:32 -0600] "GET /tmpfiles.1781123744?edit=51.php&p=Ahome1Aimmorth6Apublic_htmlAwp-includesAabilities-api HTTP/2.0" 409 83 "-" "Mozilla/5.0 AppleWebKit/537.36 (KHTML, like Gecko; compatible; ClaudeBot/1.0; +claudebot@anthropic.com)" www.test.ovochi.com 74.220.219.162
216.73.217.18 - - [11/Aug/2026:07:30:38 -0600] "GET /care@ovochi.com_default_webmail_app?edit=wp-config-sample.php&p=Ahome1Aimmorth6Apublic_htmlAwebsite_1f302c4f HTTP/2.0" 409 83 "-" "Mozilla/5.0 AppleWebKit/537.36 (KHTML, like Gecko; compatible; ClaudeBot/1.0; +claudebot@anthropic.com)" test.ovochi.com 74.220.219.162
74.7.242.19 - - [11/Aug/2026:07:30:39 -0600] "GET /onepage-restaurant-slider-03-02.png HTTP/2.0" 200 1734 "https://www.test.ovochi.com/78894803_166881791369881_354551444365377536_o-300x300.jpg?p=Ahome1Aimmorth6Apublic_htmlAbakupimmortal-designsInetAwp-contentAuploadsArevslider" "Mozilla/5.0 AppleWebKit/537.36 (KHTML, like Gecko; compatible; GPTBot/1.4; +https://openai.com/gptbot)" www.test.ovochi.com 74.220.219.162
216.73.217.18 - - [11/Aug/2026:07:30:42 -0600] "GET /?edit=class-wp-block-parser.php&p=Ahome1Aimmorth6AwwwAhiAwp-includes HTTP/2.0" 409 83 "-" "Mozilla/5.0 AppleWebKit/537.36 (KHTML, like Gecko; compatible; ClaudeBot/1.0; +claudebot@anthropic.com)" test.ovochi.com 74.220.219.162
74.7.242.42 - - [11/Aug/2026:07:30:46 -0600] "GET /1778610067.M289776P40824.box2010.bluehost.com,S=438758,W=444854:2,S?edit=bookmark-template.php&p=Ahome1Aimmorth6Apublic_htmlAwebsite_8f025ff1Awp-includes HTTP/2.0" 409 83 "https://test.ovochi.com/1778610067.M289776P40824.box2010.bluehost.com,S=438758,W=444854:2,S?p=Ahome1Aimmorth6Apublic_htmlAwebsite_8f025ff1Awp-includes" "Mozilla/5.0 AppleWebKit/537.36 (KHTML, like Gecko; compatible; GPTBot/1.4; +https://openai.com/gptbot)" test.ovochi.com 74.220.219.162
216.73.217.18 - - [11/Aug/2026:07:30:48 -0600] "GET /jquery.table-hotkeys.js?p=Ahome1Aimmorth6Apublic_htmlAimmortalconstAwp-includesAcustomize HTTP/2.0" 200 50103 "-" "Mozilla/5.0 AppleWebKit/537.36 (KHTML, like Gecko; compatible; ClaudeBot/1.0; +claudebot@anthropic.com)" test.ovochi.com 74.220.219.162
216.73.217.18 - - [11/Aug/2026:07:30:52 -0600] "GET /care@ovochi.com_default_webmail_app?p=Ahome1Aimmorth6Apublic_htmlAhiAwp-content HTTP/1.1" 200 42871 "-" "Mozilla/5.0 AppleWebKit/537.36 (KHTML, like Gecko; compatible; ClaudeBot/1.0; +claudebot@anthropic.com)" test.ovochi.com 74.220.219.162
216.73.217.18 - - [11/Aug/2026:07:30:52 -0600] "GET /care@ovochi.com_default_webmail_app?p=Ahome1Aimmorth6Apublic_htmlAhiAwp-content HTTP/2.0" 200 42871 "-" "Mozilla/5.0 AppleWebKit/537.36 (KHTML, like Gecko; compatible; ClaudeBot/1.0; +claudebot@anthropic.com)" test.ovochi.com 74.220.219.162
216.73.217.18 - - [11/Aug/2026:07:30:57 -0600] "GET /mohammed@ovochi.com_default_webmail_app?p=Ahome1Aimmorth6Apublic_htmlAwp-contentAuploadsA2024A12 HTTP/1.1" 200 42125 "-" "Mozilla/5.0 AppleWebKit/537.36 (KHTML, like Gecko; compatible; ClaudeBot/1.0; +claudebot@anthropic.com)" test.ovochi.com 74.220.219.162
